Last updated on 2022-05-21 13:52:08 CEST.
Flavor | Version | Tinstall | Tcheck | Ttotal | Status | Flags |
---|---|---|---|---|---|---|
r-devel-linux-x86_64-debian-clang | 1.0.6 | 75.73 | 133.24 | 208.97 | OK | |
r-devel-linux-x86_64-debian-gcc | 1.0.6 | 60.20 | 96.00 | 156.20 | OK | |
r-devel-linux-x86_64-fedora-clang | 1.0.6 | 266.86 | NOTE | |||
r-devel-linux-x86_64-fedora-gcc | 1.0.6 | 263.33 | OK | |||
r-devel-windows-x86_64 | 1.0.6 | 127.00 | 179.00 | 306.00 | OK | |
r-patched-linux-x86_64 | 1.0.6 | 62.17 | 124.47 | 186.64 | OK | |
r-release-linux-x86_64 | 1.0.6 | 58.70 | 123.35 | 182.05 | OK | |
r-release-macos-arm64 | 1.0.6 | 61.00 | NOTE | |||
r-release-macos-x86_64 | 1.0.6 | 108.00 | NOTE | |||
r-release-windows-x86_64 | 1.0.6 | 175.00 | 174.00 | 349.00 | OK | |
r-oldrel-macos-arm64 | 1.0.6 | 71.00 | NOTE | |||
r-oldrel-macos-x86_64 | 1.0.6 | 79.00 | NOTE | |||
r-oldrel-windows-ix86+x86_64 | 1.0.6 | 144.00 | 206.00 | 350.00 | OK |
Version: 1.0.6
Check: installed package size
Result: NOTE
installed size is 5.9Mb
sub-directories of 1Mb or more:
data 1.0Mb
libs 4.0Mb
Flavors: r-devel-linux-x86_64-fedora-clang, r-release-macos-arm64, r-release-macos-x86_64, r-oldrel-macos-arm64, r-oldrel-macos-x86_64