CRAN Package Check Results for Package HistDAWass

Last updated on 2024-02-28 02:58:07 CET.

Flavor Version Tinstall Tcheck Ttotal Status Flags
r-devel-linux-x86_64-debian-clang 1.0.8 78.14 160.08 238.22 OK
r-devel-linux-x86_64-debian-gcc 1.0.8 61.32 118.92 180.24 OK
r-devel-linux-x86_64-fedora-clang 1.0.8 294.63 OK
r-devel-linux-x86_64-fedora-gcc 1.0.8 292.60 OK
r-devel-windows-x86_64 1.0.8 58.00 167.00 225.00 OK
r-patched-linux-x86_64 1.0.8 63.31 157.06 220.37 OK
r-release-linux-x86_64 1.0.8 69.13 153.73 222.86 OK
r-release-macos-arm64 1.0.8 81.00 NOTE
r-release-macos-x86_64 1.0.8 176.00 NOTE
r-release-windows-x86_64 1.0.8 78.00 208.00 286.00 OK
r-oldrel-macos-arm64 1.0.8 80.00 NOTE
r-oldrel-windows-x86_64 1.0.8 74.00 186.00 260.00 OK

Check Details

Version: 1.0.8
Check: installed package size
Result: NOTE installed size is 6.9Mb sub-directories of 1Mb or more: data 1.0Mb libs 4.9Mb Flavors: r-release-macos-arm64, r-release-macos-x86_64, r-oldrel-macos-arm64