CRAN Package Check Results for Package HistogramTools

Last updated on 2018-02-25 16:48:22 CET.

Flavor Version Tinstall Tcheck Ttotal Status Flags
r-devel-linux-x86_64-debian-clang 0.3.2 5.96 83.93 89.89 OK
r-devel-linux-x86_64-debian-gcc 0.3.2 4.45 66.98 71.43 OK
r-devel-linux-x86_64-fedora-clang 0.3.2 110.50 OK
r-devel-linux-x86_64-fedora-gcc 0.3.2 116.35 OK
r-devel-windows-ix86+x86_64 0.3.2 16.00 143.00 159.00 OK
r-patched-linux-x86_64 0.3.2 5.36 84.03 89.39 OK
r-patched-solaris-x86 0.3.2 169.50 NOTE
r-release-linux-x86_64 0.3.2 5.79 83.79 89.58 OK
r-release-windows-ix86+x86_64 0.3.2 15.00 157.00 172.00 OK
r-release-osx-x86_64 0.3.2 NOTE
r-oldrel-windows-ix86+x86_64 0.3.2 10.00 106.00 116.00 OK
r-oldrel-osx-x86_64 0.3.2 OK

Check Details

Version: 0.3.2
Check: package dependencies
Result: NOTE
    Package which this enhances but not available for checking: ‘RProtoBuf’
Flavors: r-patched-solaris-x86, r-release-osx-x86_64

Version: 0.3.2
Check: Rd cross-references
Result: NOTE
    Package unavailable to check Rd xrefs: ‘RProtoBuf’
Flavors: r-patched-solaris-x86, r-release-osx-x86_64