CRAN Package Check Results for Package HistogramTools

Last updated on 2024-04-19 09:54:46 CEST.

Flavor Version Tinstall Tcheck Ttotal Status Flags
r-devel-linux-x86_64-debian-clang 0.3.2 6.98 87.09 94.07 NOTE
r-devel-linux-x86_64-debian-gcc 0.3.2 NOTE
r-devel-linux-x86_64-fedora-clang 0.3.2 118.58 NOTE
r-devel-linux-x86_64-fedora-gcc 0.3.2 125.20 NOTE
r-prerel-macos-arm64 0.3.2 50.00 NOTE
r-prerel-windows-x86_64 0.3.2 8.00 124.00 132.00 NOTE
r-patched-linux-x86_64 0.3.2 4.86 80.05 84.91 NOTE
r-release-linux-x86_64 0.3.2 4.90 80.21 85.11 OK
r-release-macos-arm64 0.3.2 51.00 OK
r-release-macos-x86_64 0.3.2 77.00 NOTE
r-release-windows-x86_64 0.3.2 10.00 123.00 133.00 OK
r-oldrel-macos-arm64 0.3.2 61.00 OK
r-oldrel-windows-x86_64 0.3.2 10.00 127.00 137.00 OK

Check Details

Version: 0.3.2
Check: Rd metadata
Result: NOTE Invalid package aliases in Rd file 'histogram-package.Rd': ‘histogramtools-package’ Flavors: r-devel-linux-x86_64-debian-clang, r-devel-linux-x86_64-debian-gcc, r-devel-linux-x86_64-fedora-clang, r-devel-linux-x86_64-fedora-gcc, r-prerel-macos-arm64, r-prerel-windows-x86_64, r-patched-linux-x86_64

Version: 0.3.2
Check: package dependencies
Result: NOTE Package which this enhances but not available for checking: ‘RProtoBuf’ Flavor: r-release-macos-x86_64

Version: 0.3.2
Check: Rd cross-references
Result: NOTE Package unavailable to check Rd xrefs: ‘RProtoBuf’ Flavor: r-release-macos-x86_64