CRAN Package Check Results for Package HiveR

Last updated on 2020-01-21 23:50:54 CET.

Flavor Version Tinstall Tcheck Ttotal Status Flags
r-devel-linux-x86_64-debian-clang 0.3.42 13.17 212.87 226.04 OK
r-devel-linux-x86_64-debian-gcc 0.3.42 10.53 167.75 178.28 OK
r-devel-linux-x86_64-fedora-clang 0.3.42 278.75 OK
r-devel-linux-x86_64-fedora-gcc 0.3.42 276.63 OK
r-devel-windows-ix86+x86_64 0.3.42 40.00 300.00 340.00 OK
r-devel-windows-ix86+x86_64-gcc8 0.3.42 35.00 297.00 332.00 OK
r-patched-linux-x86_64 0.3.42 11.31 200.54 211.85 OK
r-patched-solaris-x86 0.3.42 406.50 OK
r-release-linux-x86_64 0.3.42 10.59 202.97 213.56 OK
r-release-windows-ix86+x86_64 0.3.42 18.00 200.00 218.00 OK
r-release-osx-x86_64 0.3.42 WARN
r-oldrel-windows-ix86+x86_64 0.3.42 12.00 207.00 219.00 OK
r-oldrel-osx-x86_64 0.3.42 OK

Check Details

Version: 0.3.42
Check: whether package can be installed
Result: WARN
    Found the following significant warnings:
     Warning: 'rgl_init' failed, running with rgl.useNULL = TRUE
Flavor: r-release-osx-x86_64