CRAN Package Check Results for Package HostSwitch

Last updated on 2022-05-26 07:53:23 CEST.

Flavor Version Tinstall Tcheck Ttotal Status Flags
r-devel-linux-x86_64-debian-clang 0.1.0 8.43 111.83 120.26 NOTE
r-devel-linux-x86_64-debian-gcc 0.1.1 7.94 95.65 103.59 OK
r-devel-linux-x86_64-fedora-clang 0.1.1 154.50 OK
r-devel-linux-x86_64-fedora-gcc 0.1.1 144.87 OK
r-devel-windows-x86_64 0.1.1 62.00 173.00 235.00 OK
r-patched-linux-x86_64 0.1.0 7.84 106.62 114.46 OK
r-release-linux-x86_64 0.1.0 OK
r-release-macos-arm64 0.1.1 50.00 OK
r-release-macos-x86_64 0.1.0 98.00 OK
r-release-windows-x86_64 0.1.1 55.00 357.00 412.00 OK
r-oldrel-macos-arm64 0.1.1 48.00 OK
r-oldrel-macos-x86_64 0.1.0 48.00 OK
r-oldrel-windows-ix86+x86_64 0.1.0 23.00 116.00 139.00 OK

Check Details

Version: 0.1.0
Check: Rd files
Result: NOTE
    checkRd: (7) simHostSwitch.Rd:63: \item in \describe must have non-empty label
    checkRd: (7) simHostSwitch.Rd:64: \item in \describe must have non-empty label
    checkRd: (7) simHostSwitch.Rd:76: \item in \describe must have non-empty label
    checkRd: (7) simHostSwitch.Rd:77: \item in \describe must have non-empty label
    checkRd: (7) simHostSwitch.Rd:78: \item in \describe must have non-empty label
    checkRd: (7) simHostSwitch.Rd:79: \item in \describe must have non-empty label
    checkRd: (7) simHostSwitch.Rd:80: \item in \describe must have non-empty label
    checkRd: (7) simHostSwitch.Rd:81: \item in \describe must have non-empty label
Flavor: r-devel-linux-x86_64-debian-clang