CRAN Package Check Results for Package HyperG

Last updated on 2021-05-06 23:49:34 CEST.

Flavor Version Tinstall Tcheck Ttotal Status Flags
r-devel-linux-x86_64-debian-clang 1.0.0 9.81 89.55 99.36 OK
r-devel-linux-x86_64-debian-gcc 1.0.0 8.67 68.03 76.70 OK
r-devel-linux-x86_64-fedora-clang 1.0.0 128.42 OK
r-devel-linux-x86_64-fedora-gcc 1.0.0 117.42 OK
r-devel-windows-ix86+x86_64 1.0.0 16.00 120.00 136.00 OK
r-devel-windows-x86_64-gcc10-UCRT 1.0.0 OK
r-patched-linux-x86_64 1.0.0 10.87 87.47 98.34 OK
r-patched-solaris-x86 1.0.0 176.60 OK
r-release-linux-x86_64 1.0.0 9.68 83.35 93.03 OK
r-release-macos-x86_64 1.0.0 OK
r-release-windows-ix86+x86_64 1.0.0 15.00 90.00 105.00 OK
r-oldrel-macos-x86_64 1.0.0 NOTE
r-oldrel-windows-ix86+x86_64 1.0.0 18.00 115.00 133.00 NOTE

Check Details

Version: 1.0.0
Check: R code for possible problems
Result: NOTE
    plot.hypergraph: no visible global function definition for ‘plot’
    plotDegreeDistribution: no visible global function definition for
     ‘plot’
    plot_geom_hypergraph: no visible global function definition for ‘plot’
    Undefined global functions or variables:
     plot
    Consider adding
     importFrom("graphics", "plot")
    to your NAMESPACE file.
Flavors: r-oldrel-macos-x86_64, r-oldrel-windows-ix86+x86_64