Last updated on 2022-05-25 07:50:22 CEST.
Flavor | Version | Tinstall | Tcheck | Ttotal | Status | Flags |
---|---|---|---|---|---|---|
r-devel-linux-x86_64-debian-clang | 4.0.1 | 27.61 | 56.31 | 83.92 | OK | |
r-devel-linux-x86_64-debian-gcc | 4.0.1 | 21.60 | 44.29 | 65.89 | OK | |
r-devel-linux-x86_64-fedora-clang | 4.0.1 | 119.91 | OK | |||
r-devel-linux-x86_64-fedora-gcc | 4.0.1 | 108.49 | OK | |||
r-devel-windows-x86_64 | 4.0.1 | 38.00 | 105.00 | 143.00 | OK | |
r-patched-linux-x86_64 | 4.0.1 | 25.58 | 55.31 | 80.89 | OK | |
r-release-linux-x86_64 | 4.0.1 | OK | ||||
r-release-macos-arm64 | 4.0.1 | 38.00 | NOTE | |||
r-release-macos-x86_64 | 4.0.1 | 50.00 | NOTE | |||
r-release-windows-x86_64 | 4.0.1 | 38.00 | 108.00 | 146.00 | OK | |
r-oldrel-macos-arm64 | 4.0.1 | 31.00 | NOTE | |||
r-oldrel-macos-x86_64 | 4.0.1 | 50.00 | NOTE | |||
r-oldrel-windows-ix86+x86_64 | 4.0.1 | 75.00 | 126.00 | 201.00 | OK |
Version: 4.0.1
Check: installed package size
Result: NOTE
installed size is 5.2Mb
sub-directories of 1Mb or more:
libs 5.1Mb
Flavors: r-release-macos-arm64, r-release-macos-x86_64, r-oldrel-macos-arm64, r-oldrel-macos-x86_64