CRAN Package Check Results for Package IAT

Last updated on 2024-03-02 13:50:23 CET.

Flavor Version Tinstall Tcheck Ttotal Status Flags
r-devel-linux-x86_64-debian-clang 0.3 6.67 50.42 57.09 NOTE
r-devel-linux-x86_64-debian-gcc 0.3 4.80 38.25 43.05 NOTE
r-devel-linux-x86_64-fedora-clang 0.3 69.49 NOTE
r-devel-linux-x86_64-fedora-gcc 0.3 69.56 NOTE
r-devel-windows-x86_64 0.3 6.00 62.00 68.00 OK
r-patched-linux-x86_64 0.3 6.23 48.27 54.50 OK
r-release-linux-x86_64 0.3 4.58 47.18 51.76 OK
r-release-macos-arm64 0.3 26.00 OK
r-release-macos-x86_64 0.3 38.00 OK
r-release-windows-x86_64 0.3 8.00 68.00 76.00 OK
r-oldrel-macos-arm64 0.3 24.00 OK
r-oldrel-windows-x86_64 0.3 9.00 71.00 80.00 OK

Check Details

Version: 0.3
Check: Rd files
Result: NOTE checkRd: (-1) IATData.Rd:24: Lost braces; missing escapes or markup? 24 | Dan Martin {dpmartin42@gmail.com} | ^ Flavors: r-devel-linux-x86_64-debian-clang, r-devel-linux-x86_64-debian-gcc, r-devel-linux-x86_64-fedora-clang, r-devel-linux-x86_64-fedora-gcc