CRAN Package Check Results for Package IATscores

Last updated on 2018-02-24 11:51:08 CET.

Flavor Version Tinstall Tcheck Ttotal Status Flags
r-devel-linux-x86_64-debian-clang 0.2.1 6.95 95.86 102.81 OK
r-devel-linux-x86_64-debian-gcc 0.2.1 7.35 76.14 83.49 OK
r-devel-windows-ix86+x86_64 0.2.1 21.00 143.00 164.00 OK
r-patched-linux-x86_64 0.2.1 5.68 99.66 105.34 OK
r-patched-solaris-x86 0.2.1 199.70 OK
r-release-linux-x86_64 0.2.1 6.81 98.24 105.05 OK
r-release-windows-ix86+x86_64 0.2.1 23.00 157.00 180.00 OK
r-release-osx-x86_64 0.2.1 OK
r-oldrel-windows-ix86+x86_64 0.1-2 20.00 163.00 183.00 NOTE
r-oldrel-osx-x86_64 0.1-2 NOTE

Check Details

Version: 0.1-2
Check: R code for possible problems
Result: NOTE
    Dscores: no visible global function definition for 'filter'
    Dscores: no visible global function definition for 'sd'
    Gscores: no visible global function definition for 'filter'
    MiniDscores: no visible global function definition for 'filter'
    MiniDscores: no visible global function definition for 'object.size'
    RobustScores: no visible global function definition for 'filter'
    SplitHalf: no visible global function definition for 'cor'
    TestRetest: no visible global function definition for 'filter'
    TestRetest: no visible global function definition for 'cor'
    WPRscores: no visible global function definition for 'filter'
    WPRscores: no visible global function definition for 'quantile'
    WPRscores: no visible global function definition for 'sd'
    computeMinid: no visible global function definition for 'sd'
    doP1P2: no visible global function definition for 'filter'
    doP1P2: no visible global function definition for 'sd'
    doP1P2P3P4: no visible global function definition for 'filter'
    specialvar: no visible global function definition for 'var'
    Undefined global functions or variables:
     cor filter object.size quantile sd var
    Consider adding
     importFrom("stats", "cor", "filter", "quantile", "sd", "var")
     importFrom("utils", "object.size")
    to your NAMESPACE file.
Flavors: r-oldrel-windows-ix86+x86_64, r-oldrel-osx-x86_64