CRAN Package Check Results for Package IAbin

Last updated on 2020-07-07 07:48:06 CEST.

Flavor Version Tinstall Tcheck Ttotal Status Flags
r-devel-linux-x86_64-debian-clang 1.0 2.14 23.85 25.99 NOTE
r-devel-linux-x86_64-debian-gcc 1.0 1.66 19.12 20.78 NOTE
r-devel-linux-x86_64-fedora-clang 1.0 39.20 OK
r-devel-linux-x86_64-fedora-gcc 1.0 31.24 OK
r-devel-windows-ix86+x86_64 1.0 7.00 36.00 43.00 NOTE
r-patched-linux-x86_64 1.0 2.22 24.22 26.44 NOTE
r-patched-solaris-x86 1.0 48.90 OK
r-release-linux-x86_64 1.0 2.18 23.84 26.02 NOTE
r-release-osx-x86_64 1.0 OK
r-release-windows-ix86+x86_64 1.0 5.00 37.00 42.00 NOTE
r-oldrel-osx-x86_64 1.0 OK
r-oldrel-windows-ix86+x86_64 1.0 5.00 46.00 51.00 OK

Check Details

Version: 1.0
Check: package vignettes
Result: NOTE
    Package vignette with placeholder title 'Vignette Title':
     'vignette-IAbin.Rmd'
Flavors: r-devel-linux-x86_64-debian-clang, r-devel-linux-x86_64-debian-gcc, r-devel-windows-ix86+x86_64, r-patched-linux-x86_64, r-release-linux-x86_64, r-release-windows-ix86+x86_64