CRAN Package Check Results for Package IAbin

Last updated on 2019-11-22 05:46:32 CET.

Flavor Version Tinstall Tcheck Ttotal Status Flags
r-devel-linux-x86_64-debian-clang 1.0 NOTE
r-devel-linux-x86_64-debian-gcc 1.0 1.67 18.99 20.66 NOTE
r-devel-linux-x86_64-fedora-clang 1.0 30.71 OK
r-devel-linux-x86_64-fedora-gcc 1.0 32.23 OK
r-devel-windows-ix86+x86_64 1.0 8.00 35.00 43.00 NOTE
r-devel-windows-ix86+x86_64-gcc8 1.0 8.00 37.00 45.00 NOTE
r-patched-linux-x86_64 1.0 1.43 22.88 24.31 OK
r-patched-solaris-x86 1.0 45.40 OK
r-release-linux-x86_64 1.0 1.65 22.12 23.77 OK
r-release-windows-ix86+x86_64 1.0 6.00 36.00 42.00 OK
r-release-osx-x86_64 1.0 OK
r-oldrel-windows-ix86+x86_64 1.0 2.00 52.00 54.00 OK
r-oldrel-osx-x86_64 1.0 OK

Check Details

Version: 1.0
Check: package vignettes
Result: NOTE
    Package vignette with placeholder title 'Vignette Title':
     'vignette-IAbin.Rmd'
Flavors: r-devel-linux-x86_64-debian-clang, r-devel-linux-x86_64-debian-gcc, r-devel-windows-ix86+x86_64, r-devel-windows-ix86+x86_64-gcc8