CRAN Package Check Results for Package ICBioMark

Last updated on 2024-02-25 15:51:21 CET.

Flavor Version Tinstall Tcheck Ttotal Status Flags
r-devel-linux-x86_64-debian-clang 0.1.4 9.99 58.85 68.84 NOTE
r-devel-linux-x86_64-debian-gcc 0.1.4 8.74 46.08 54.82 NOTE
r-devel-linux-x86_64-fedora-clang 0.1.4 91.60 NOTE
r-devel-linux-x86_64-fedora-gcc 0.1.4 89.92 NOTE
r-devel-windows-x86_64 0.1.4 12.00 73.00 85.00 OK
r-patched-linux-x86_64 0.1.4 10.67 57.59 68.26 OK
r-release-linux-x86_64 0.1.4 10.34 58.56 68.90 OK
r-release-macos-arm64 0.1.4 41.00 OK
r-release-macos-x86_64 0.1.4 53.00 OK
r-release-windows-x86_64 0.1.4 19.00 86.00 105.00 OK
r-oldrel-macos-arm64 0.1.4 35.00 OK
r-oldrel-windows-x86_64 0.1.4 16.00 91.00 107.00 OK

Check Details

Version: 0.1.4
Check: Rd files
Result: NOTE checkRd: (-1) get_p.Rd:29: Lost braces; missing escapes or markup? 29 | \item A numeric p_norm, giving the factor between p_{gs} and phi_{0gs} (see paper for details). | ^ checkRd: (-1) get_p.Rd:29: Lost braces; missing escapes or markup? 29 | \item A numeric p_norm, giving the factor between p_{gs} and phi_{0gs} (see paper for details). | ^ Flavors: r-devel-linux-x86_64-debian-clang, r-devel-linux-x86_64-debian-gcc, r-devel-linux-x86_64-fedora-clang, r-devel-linux-x86_64-fedora-gcc