CRAN Package Check Results for Package ICDS

Last updated on 2019-11-22 05:46:32 CET.

Flavor Version Tinstall Tcheck Ttotal Status Flags
r-devel-linux-x86_64-debian-clang 0.1.1 OK
r-devel-linux-x86_64-debian-gcc 0.1.1 14.23 127.59 141.82 OK
r-devel-linux-x86_64-fedora-clang 0.1.1 199.26 OK
r-devel-linux-x86_64-fedora-gcc 0.1.1 216.00 OK
r-devel-windows-ix86+x86_64 0.1.1 4.00 8.00 12.00 OK
r-devel-windows-ix86+x86_64-gcc8 0.1.1 39.00 231.00 270.00 OK
r-patched-linux-x86_64 0.1.1 13.83 149.42 163.25 OK
r-patched-solaris-x86 0.1.1 306.10 OK
r-release-linux-x86_64 0.1.1 12.14 230.07 242.21 OK
r-release-windows-ix86+x86_64 0.1.1 40.00 276.00 316.00 OK
r-release-osx-x86_64 0.1.1 ERROR
r-oldrel-windows-ix86+x86_64 0.1.1 16.00 266.00 282.00 OK
r-oldrel-osx-x86_64 0.1.1 ERROR

Check Details

Version: 0.1.1
Check: package dependencies
Result: ERROR
    Package required but not available: ‘org.Hs.eg.db’
    
    See section ‘The DESCRIPTION file’ in the ‘Writing R Extensions’
    manual.
Flavor: r-release-osx-x86_64

Version: 0.1.1
Check: package dependencies
Result: ERROR
    Package required but not available: ‘graphite’
    
    See section ‘The DESCRIPTION file’ in the ‘Writing R Extensions’
    manual.
Flavor: r-oldrel-osx-x86_64