CRAN Package Check Results for Package ICSKAT

Last updated on 2024-02-27 17:49:21 CET.

Flavor Version Tinstall Tcheck Ttotal Status Flags
r-devel-linux-x86_64-debian-clang 0.2.0 33.02 108.20 141.22 NOTE
r-devel-linux-x86_64-debian-gcc 0.2.0 25.82 80.09 105.91 NOTE
r-devel-linux-x86_64-fedora-clang 0.2.0 184.90 NOTE
r-devel-linux-x86_64-fedora-gcc 0.2.0 187.35 NOTE
r-devel-windows-x86_64 0.2.0 30.00 113.00 143.00 NOTE
r-patched-linux-x86_64 0.2.0 32.72 103.19 135.91 NOTE
r-release-linux-x86_64 0.2.0 36.04 104.98 141.02 NOTE
r-release-macos-arm64 0.2.0 62.00 NOTE
r-release-macos-x86_64 0.2.0 100.00 NOTE
r-release-windows-x86_64 0.2.0 37.00 134.00 171.00 NOTE
r-oldrel-macos-arm64 0.2.0 43.00 OK
r-oldrel-windows-x86_64 0.2.0 36.00 128.00 164.00 OK

Check Details

Version: 0.2.0
Check: C++ specification
Result: NOTE Specified C++11: please drop specification unless essential Flavors: r-devel-linux-x86_64-debian-clang, r-devel-linux-x86_64-debian-gcc, r-devel-linux-x86_64-fedora-clang, r-devel-linux-x86_64-fedora-gcc, r-devel-windows-x86_64, r-patched-linux-x86_64, r-release-linux-x86_64, r-release-macos-arm64, r-release-macos-x86_64, r-release-windows-x86_64