Last updated on 2023-12-01 04:53:58 CET.
Flavor | Version | Tinstall | Tcheck | Ttotal | Status | Flags |
---|---|---|---|---|---|---|
r-devel-linux-x86_64-debian-clang | 3.5.1 | 18.06 | 118.62 | 136.68 | NOTE | |
r-devel-linux-x86_64-debian-gcc | 3.5.1 | 14.14 | 86.35 | 100.49 | NOTE | |
r-devel-linux-x86_64-fedora-clang | 3.5.1 | 166.32 | OK | |||
r-devel-linux-x86_64-fedora-gcc | 3.5.1 | 168.04 | OK | |||
r-devel-windows-x86_64 | 3.5.1 | 16.00 | 103.00 | 119.00 | OK | |
r-patched-linux-x86_64 | 3.5.1 | 13.62 | 111.37 | 124.99 | OK | |
r-release-linux-x86_64 | 3.5.1 | 11.68 | 110.81 | 122.49 | OK | |
r-release-macos-arm64 | 3.5.1 | 43.00 | OK | |||
r-release-macos-x86_64 | 3.5.1 | 103.00 | OK | |||
r-release-windows-x86_64 | 3.5.1 | 20.00 | 123.00 | 143.00 | OK | |
r-oldrel-macos-arm64 | 3.5.1 | 49.00 | OK | |||
r-oldrel-macos-x86_64 | 3.5.1 | 73.00 | OK | |||
r-oldrel-windows-x86_64 | 3.5.1 | 20.00 | 126.00 | 146.00 | OK |
Version: 3.5.1
Check: Rd files
Result: NOTE
checkRd: (-1) write_idea.Rd:51: Lost braces; missing escapes or markup?
51 | In the case of a group analysis, another subdirectory is created with a name like "Groupe_{number_of_farms}" so that analyses are not mixed up. The user can again choose if output should be raw plots or pre-compiled reports.
| ^
checkRd: (-1) write_idea.Rd:53: Lost braces; missing escapes or markup?
53 | If the \code{report_format} argument is set to either "docx" or "pptx", the report will be rendered using the {rmarkdown} package (and {officedown}/{officer} packages for the docx output) using a template stored in this package. For "pdf" output, LaTeX will be called with the {rmarkdown} package. For "xlsx" output, the {openxlsx} package will be used to sequentially produce Excel worksheets and files, using an internal R function.
| ^
checkRd: (-1) write_idea.Rd:53: Lost braces; missing escapes or markup?
53 | If the \code{report_format} argument is set to either "docx" or "pptx", the report will be rendered using the {rmarkdown} package (and {officedown}/{officer} packages for the docx output) using a template stored in this package. For "pdf" output, LaTeX will be called with the {rmarkdown} package. For "xlsx" output, the {openxlsx} package will be used to sequentially produce Excel worksheets and files, using an internal R function.
| ^
checkRd: (-1) write_idea.Rd:53: Lost braces; missing escapes or markup?
53 | If the \code{report_format} argument is set to either "docx" or "pptx", the report will be rendered using the {rmarkdown} package (and {officedown}/{officer} packages for the docx output) using a template stored in this package. For "pdf" output, LaTeX will be called with the {rmarkdown} package. For "xlsx" output, the {openxlsx} package will be used to sequentially produce Excel worksheets and files, using an internal R function.
| ^
checkRd: (-1) write_idea.Rd:53: Lost braces; missing escapes or markup?
53 | If the \code{report_format} argument is set to either "docx" or "pptx", the report will be rendered using the {rmarkdown} package (and {officedown}/{officer} packages for the docx output) using a template stored in this package. For "pdf" output, LaTeX will be called with the {rmarkdown} package. For "xlsx" output, the {openxlsx} package will be used to sequentially produce Excel worksheets and files, using an internal R function.
| ^
checkRd: (-1) write_idea.Rd:53: Lost braces; missing escapes or markup?
53 | If the \code{report_format} argument is set to either "docx" or "pptx", the report will be rendered using the {rmarkdown} package (and {officedown}/{officer} packages for the docx output) using a template stored in this package. For "pdf" output, LaTeX will be called with the {rmarkdown} package. For "xlsx" output, the {openxlsx} package will be used to sequentially produce Excel worksheets and files, using an internal R function.
| ^
Flavors: r-devel-linux-x86_64-debian-clang, r-devel-linux-x86_64-debian-gcc