CRAN Package Check Results for Package IDMIR

Last updated on 2024-04-15 14:59:30 CEST.

Flavor Version Tinstall Tcheck Ttotal Status Flags
r-devel-linux-x86_64-debian-clang 0.1.0 16.97 141.07 158.04 OK
r-devel-linux-x86_64-debian-gcc 0.1.0 12.82 102.79 115.61 OK
r-devel-linux-x86_64-fedora-clang 0.1.0 196.41 OK
r-devel-linux-x86_64-fedora-gcc 0.1.0 197.74 OK
r-prerel-macos-arm64 0.1.0 64.00 NOTE
r-prerel-windows-x86_64 0.1.0 15.00 114.00 129.00 OK
r-patched-linux-x86_64 0.1.0 18.51 129.57 148.08 OK
r-release-linux-x86_64 0.1.0 14.27 131.85 146.12 OK
r-release-macos-arm64 0.1.0 64.00 NOTE
r-release-macos-x86_64 0.1.0 77.00 NOTE
r-release-windows-x86_64 0.1.0 21.00 146.00 167.00 OK
r-oldrel-macos-arm64 0.1.0 60.00 OK
r-oldrel-windows-x86_64 0.1.0 22.00 151.00 173.00 OK

Check Details

Version: 0.1.0
Check: installed package size
Result: NOTE installed size is 5.2Mb sub-directories of 1Mb or more: data 5.0Mb Flavors: r-prerel-macos-arm64, r-release-macos-arm64, r-release-macos-x86_64