CRAN Package Check Results for Package IFAA

Last updated on 2022-12-06 21:51:27 CET.

Flavor Version Tinstall Tcheck Ttotal Status Flags
r-devel-linux-x86_64-debian-clang 1.1.0 37.06 339.59 376.65 OK
r-devel-linux-x86_64-debian-gcc 1.1.0 29.15 254.67 283.82 OK
r-devel-linux-x86_64-fedora-clang 1.1.0 464.03 OK
r-devel-linux-x86_64-fedora-gcc 1.1.0 511.02 OK
r-devel-windows-x86_64 1.1.0 34.00 408.00 442.00 OK
r-patched-linux-x86_64 1.1.0 33.38 326.30 359.68 OK
r-release-linux-x86_64 1.1.0 30.59 323.93 354.52 OK
r-release-macos-arm64 1.1.0 175.00 OK
r-release-macos-x86_64 1.1.0 208.00 OK
r-release-windows-x86_64 1.1.0 36.00 440.00 476.00 OK
r-oldrel-macos-arm64 1.1.0 184.00 OK
r-oldrel-macos-x86_64 1.1.0 197.00 OK
r-oldrel-windows-ix86+x86_64 1.1.0 40.00 18.00 58.00 ERROR

Check Details

Version: 1.1.0
Check: whether package can be installed
Result: ERROR
    Installation failed.
Flavor: r-oldrel-windows-ix86+x86_64