Last updated on 2022-05-17 21:50:48 CEST.
Flavor | Version | Tinstall | Tcheck | Ttotal | Status | Flags |
---|---|---|---|---|---|---|
r-devel-linux-x86_64-debian-clang | 0.1.2 | 59.07 | 136.18 | 195.25 | NOTE | |
r-devel-linux-x86_64-debian-gcc | 0.1.2 | 49.74 | 99.54 | 149.28 | NOTE | |
r-devel-linux-x86_64-fedora-clang | 0.1.2 | 241.99 | NOTE | |||
r-devel-linux-x86_64-fedora-gcc | 0.1.2 | 255.08 | NOTE | |||
r-devel-windows-x86_64 | 0.1.2 | 90.00 | 163.00 | 253.00 | NOTE | |
r-patched-linux-x86_64 | 0.1.2 | 55.26 | 130.08 | 185.34 | NOTE | |
r-release-linux-x86_64 | 0.1.2 | 47.91 | 130.02 | 177.93 | NOTE | |
r-release-macos-arm64 | 0.1.2 | 49.00 | NOTE | |||
r-release-macos-x86_64 | 0.1.2 | 79.00 | NOTE | |||
r-release-windows-x86_64 | 0.1.2 | 106.00 | 168.00 | 274.00 | NOTE | |
r-oldrel-macos-arm64 | 0.1.2 | 63.00 | NOTE | |||
r-oldrel-macos-x86_64 | 0.1.2 | 74.00 | NOTE | |||
r-oldrel-windows-ix86+x86_64 | 0.1.2 | 125.00 | 167.00 | 292.00 | NOTE |
Version: 0.1.2
Check: package dependencies
Result: NOTE
Package suggested but not available for checking: 'IFCdata'
Flavors: r-devel-linux-x86_64-debian-clang, r-devel-linux-x86_64-debian-gcc, r-devel-linux-x86_64-fedora-clang, r-devel-linux-x86_64-fedora-gcc, r-devel-windows-x86_64, r-patched-linux-x86_64, r-release-linux-x86_64, r-release-macos-arm64, r-release-macos-x86_64, r-release-windows-x86_64, r-oldrel-macos-arm64, r-oldrel-macos-x86_64, r-oldrel-windows-ix86+x86_64
Version: 0.1.2
Check: installed package size
Result: NOTE
installed size is 5.2Mb
sub-directories of 1Mb or more:
libs 3.7Mb
Flavors: r-release-macos-arm64, r-release-macos-x86_64, r-oldrel-macos-arm64, r-oldrel-macos-x86_64