CRAN Package Check Results for Package IFP

Last updated on 2021-01-25 18:51:01 CET.

Flavor Version Tinstall Tcheck Ttotal Status Flags
r-devel-linux-x86_64-debian-clang 0.2.4 30.69 161.44 192.13 OK
r-devel-linux-x86_64-debian-gcc 0.2.4 23.30 115.45 138.75 OK
r-devel-linux-x86_64-fedora-clang 0.2.4 238.28 NOTE
r-devel-linux-x86_64-fedora-gcc 0.2.4 226.37 NOTE
r-devel-windows-ix86+x86_64 0.2.4 67.00 262.00 329.00 OK
r-patched-linux-x86_64 0.2.4 19.05 142.38 161.43 OK
r-patched-solaris-x86 0.2.4 298.70 OK
r-release-linux-x86_64 0.2.4 19.66 143.66 163.32 OK
r-release-macos-x86_64 0.2.4 OK
r-release-windows-ix86+x86_64 0.2.4 63.00 193.00 256.00 OK
r-oldrel-macos-x86_64 0.2.4 OK
r-oldrel-windows-ix86+x86_64 0.2.4 46.00 223.00 269.00 OK

Check Details

Version: 0.2.4
Check: compiled code
Result: NOTE
    File ‘IFP/libs/IFP.so’:
     Found no calls to: ‘R_registerRoutines’, ‘R_useDynamicSymbols’
    
    It is good practice to register native routines and to disable symbol
    search.
    
    See ‘Writing portable packages’ in the ‘Writing R Extensions’ manual.
Flavors: r-devel-linux-x86_64-fedora-clang, r-devel-linux-x86_64-fedora-gcc