Last updated on 2022-06-28 09:49:52 CEST.
Flavor | Version | Tinstall | Tcheck | Ttotal | Status | Flags |
---|---|---|---|---|---|---|
r-devel-linux-x86_64-debian-clang | 0.3.2 | 17.78 | 107.43 | 125.21 | OK | |
r-devel-linux-x86_64-debian-gcc | 0.3.2 | 14.70 | 78.61 | 93.31 | OK | |
r-devel-linux-x86_64-fedora-clang | 0.3.2 | 164.26 | NOTE | |||
r-devel-linux-x86_64-fedora-gcc | 0.3.2 | 154.66 | OK | |||
r-devel-windows-x86_64 | 0.3.2 | 34.00 | 125.00 | 159.00 | OK | |
r-patched-linux-x86_64 | 0.3.2 | 18.46 | 98.02 | 116.48 | OK | |
r-release-linux-x86_64 | 0.3.2 | 15.10 | 99.42 | 114.52 | OK | |
r-release-macos-arm64 | 0.3.2 | 43.00 | OK | |||
r-release-macos-x86_64 | 0.3.2 | 69.00 | OK | |||
r-release-windows-x86_64 | 0.3.2 | 41.00 | 127.00 | 168.00 | OK | |
r-oldrel-macos-arm64 | 0.3.2 | 43.00 | OK | |||
r-oldrel-macos-x86_64 | 0.3.2 | 55.00 | OK | |||
r-oldrel-windows-ix86+x86_64 | 0.3.2 | 42.00 | 121.00 | 163.00 | OK |
Version: 0.3.2
Check: package dependencies
Result: NOTE
Imports includes 30 non-default packages.
Importing from so many packages makes the package vulnerable to any of
them becoming unavailable. Move as many as possible to Suggests and
use conditionally.
Flavor: r-devel-linux-x86_64-fedora-clang