CRAN Package Check Results for Package IMIFA

Last updated on 2018-02-19 09:52:56 CET.

Flavor Version Tinstall Tcheck Ttotal Status Flags
r-devel-linux-x86_64-debian-clang 1.3.1 12.21 76.31 88.52 NOTE
r-devel-linux-x86_64-debian-gcc 1.3.1 12.48 66.60 79.08 NOTE
r-devel-linux-x86_64-fedora-clang 1.3.1 121.21 NOTE
r-devel-linux-x86_64-fedora-gcc 1.3.1 117.42 NOTE
r-devel-windows-ix86+x86_64 1.3.1 19.00 92.00 111.00 OK
r-patched-linux-x86_64 1.3.1 1.04 2.49 3.53 ERROR
r-patched-solaris-x86 1.3.1 147.90 OK
r-release-linux-x86_64 1.3.1 0.92 2.53 3.45 ERROR
r-release-windows-ix86+x86_64 1.3.1 12.00 152.00 164.00 OK
r-release-osx-x86_64 1.3.1 OK
r-oldrel-windows-ix86+x86_64 1.3.1 12.00 122.00 134.00 OK
r-oldrel-osx-x86_64 1.3.1 OK

Check Details

Version: 1.3.1
Check: DESCRIPTION meta-information
Result: NOTE
    Dependence on R version ‘3.3.2’ not with patchlevel 0
Flavors: r-devel-linux-x86_64-debian-clang, r-devel-linux-x86_64-debian-gcc, r-devel-linux-x86_64-fedora-clang, r-devel-linux-x86_64-fedora-gcc

Version: 1.3.1
Check: whether package can be installed
Result: ERROR
    Installation failed.
Flavors: r-patched-linux-x86_64, r-release-linux-x86_64