CRAN Package Check Results for Package IMTest

Last updated on 2019-02-18 05:49:24 CET.

Flavor Version Tinstall Tcheck Ttotal Status Flags
r-devel-linux-x86_64-debian-clang 1.0.0 4.67 321.73 326.40 OK
r-devel-linux-x86_64-debian-gcc 1.0.0 4.01 242.44 246.45 OK
r-devel-linux-x86_64-fedora-clang 1.0.0 396.31 NOTE
r-devel-linux-x86_64-fedora-gcc 1.0.0 378.50 NOTE
r-devel-windows-ix86+x86_64 1.0.0 12.00 345.00 357.00 OK
r-patched-linux-x86_64 1.0.0 5.18 301.24 306.42 OK
r-patched-solaris-x86 1.0.0 925.80 NOTE
r-release-linux-x86_64 1.0.0 OK
r-release-windows-ix86+x86_64 1.0.0 8.00 348.00 356.00 OK
r-release-osx-x86_64 1.0.0 NOTE
r-oldrel-windows-ix86+x86_64 1.0.0 12.00 407.00 419.00 OK
r-oldrel-osx-x86_64 1.0.0 NOTE

Check Details

Version: 1.0.0
Check: dependencies in R code
Result: NOTE
    Namespaces in Imports field not imported from:
     ‘lme4’ ‘reshape2’
     All declared Imports should be used.
Flavors: r-devel-linux-x86_64-fedora-clang, r-devel-linux-x86_64-fedora-gcc, r-patched-solaris-x86, r-release-osx-x86_64, r-oldrel-osx-x86_64