CRAN Package Check Results for Package IMTest

Last updated on 2018-11-13 02:48:39 CET.

Flavor Version Tinstall Tcheck Ttotal Status Flags
r-devel-linux-x86_64-debian-clang 1.0.0 5.36 316.25 321.61 OK
r-devel-linux-x86_64-debian-gcc 1.0.0 4.10 249.02 253.12 OK
r-devel-linux-x86_64-fedora-clang 1.0.0 391.06 NOTE
r-devel-linux-x86_64-fedora-gcc 1.0.0 385.05 NOTE
r-devel-windows-ix86+x86_64 1.0.0 8.00 333.00 341.00 OK
r-patched-linux-x86_64 1.0.0 5.43 307.91 313.34 OK
r-patched-solaris-x86 1.0.0 987.10 NOTE
r-release-linux-x86_64 1.0.0 4.50 307.88 312.38 OK
r-release-windows-ix86+x86_64 1.0.0 10.00 344.00 354.00 OK
r-release-osx-x86_64 1.0.0 NOTE
r-oldrel-windows-ix86+x86_64 1.0.0 11.00 478.00 489.00 OK
r-oldrel-osx-x86_64 1.0.0 NOTE

Check Details

Version: 1.0.0
Check: dependencies in R code
Result: NOTE
    Namespaces in Imports field not imported from:
     ‘lme4’ ‘reshape2’
     All declared Imports should be used.
Flavors: r-devel-linux-x86_64-fedora-clang, r-devel-linux-x86_64-fedora-gcc, r-patched-solaris-x86, r-release-osx-x86_64, r-oldrel-osx-x86_64