CRAN Package Check Results for Package IMTest

Last updated on 2018-05-26 02:48:39 CEST.

Flavor Version Tinstall Tcheck Ttotal Status Flags
r-devel-linux-x86_64-debian-clang 1.0.0 5.88 346.98 352.86 OK
r-devel-linux-x86_64-debian-gcc 1.0.0 4.30 247.38 251.68 OK
r-devel-linux-x86_64-fedora-clang 1.0.0 399.52 NOTE
r-devel-linux-x86_64-fedora-gcc 1.0.0 394.72 NOTE
r-devel-windows-ix86+x86_64 1.0.0 10.00 353.00 363.00 OK
r-patched-linux-x86_64 1.0.0 4.76 306.22 310.98 OK
r-patched-solaris-x86 1.0.0 965.70 NOTE
r-release-linux-x86_64 1.0.0 3.80 308.31 312.11 OK
r-release-windows-ix86+x86_64 1.0.0 11.00 433.00 444.00 OK
r-release-osx-x86_64 1.0.0 NOTE
r-oldrel-windows-ix86+x86_64 1.0.0 10.00 362.00 372.00 OK
r-oldrel-osx-x86_64 1.0.0 NOTE

Check Details

Version: 1.0.0
Check: dependencies in R code
Result: NOTE
    Namespaces in Imports field not imported from:
     ‘lme4’ ‘reshape2’
     All declared Imports should be used.
Flavors: r-devel-linux-x86_64-fedora-clang, r-devel-linux-x86_64-fedora-gcc, r-patched-solaris-x86, r-release-osx-x86_64, r-oldrel-osx-x86_64