CRAN Package Check Results for Package IMTest

Last updated on 2018-08-20 11:48:44 CEST.

Flavor Version Tinstall Tcheck Ttotal Status Flags
r-devel-linux-x86_64-debian-clang 1.0.0 6.22 313.27 319.49 OK
r-devel-linux-x86_64-debian-gcc 1.0.0 4.91 246.41 251.32 OK
r-devel-linux-x86_64-fedora-clang 1.0.0 391.79 NOTE
r-devel-linux-x86_64-fedora-gcc 1.0.0 385.66 NOTE
r-devel-windows-ix86+x86_64 1.0.0 13.00 461.00 474.00 OK
r-patched-linux-x86_64 1.0.0 4.74 310.92 315.66 OK
r-patched-solaris-x86 1.0.0 958.40 NOTE
r-release-linux-x86_64 1.0.0 5.39 309.81 315.20 OK
r-release-windows-ix86+x86_64 1.0.0 12.00 454.00 466.00 OK
r-release-osx-x86_64 1.0.0 NOTE
r-oldrel-windows-ix86+x86_64 1.0.0 7.00 351.00 358.00 OK
r-oldrel-osx-x86_64 1.0.0 NOTE

Check Details

Version: 1.0.0
Check: dependencies in R code
Result: NOTE
    Namespaces in Imports field not imported from:
     ‘lme4’ ‘reshape2’
     All declared Imports should be used.
Flavors: r-devel-linux-x86_64-fedora-clang, r-devel-linux-x86_64-fedora-gcc, r-patched-solaris-x86, r-release-osx-x86_64, r-oldrel-osx-x86_64