CRAN Package Check Results for Package IMTest

Last updated on 2018-02-23 05:54:28 CET.

Flavor Version Tinstall Tcheck Ttotal Status Flags
r-devel-linux-x86_64-debian-clang 1.0.0 3.75 287.25 291.00 OK
r-devel-linux-x86_64-debian-gcc 1.0.0 3.98 238.41 242.39 OK
r-devel-linux-x86_64-fedora-clang 1.0.0 385.27 NOTE
r-devel-linux-x86_64-fedora-gcc 1.0.0 381.99 NOTE
r-devel-windows-ix86+x86_64 1.0.0 10.00 434.00 444.00 OK
r-patched-linux-x86_64 1.0.0 3.47 369.54 373.01 OK
r-patched-solaris-x86 1.0.0 867.80 NOTE
r-release-linux-x86_64 1.0.0 3.54 344.46 348.00 OK
r-release-windows-ix86+x86_64 1.0.0 12.00 473.00 485.00 OK
r-release-osx-x86_64 1.0.0 NOTE
r-oldrel-windows-ix86+x86_64 1.0.0 6.00 375.00 381.00 OK
r-oldrel-osx-x86_64 1.0.0 NOTE

Check Details

Version: 1.0.0
Check: dependencies in R code
Result: NOTE
    Namespaces in Imports field not imported from:
     ‘lme4’ ‘reshape2’
     All declared Imports should be used.
Flavors: r-devel-linux-x86_64-fedora-clang, r-devel-linux-x86_64-fedora-gcc, r-patched-solaris-x86, r-release-osx-x86_64, r-oldrel-osx-x86_64