CRAN Package Check Results for Package IMaGES

Last updated on 2021-05-16 21:47:43 CEST.

Flavor Version Tinstall Tcheck Ttotal Status Flags
r-devel-linux-x86_64-debian-clang 0.1.1 104.91 107.14 212.05 OK
r-devel-linux-x86_64-debian-gcc 0.1.1 73.96 79.67 153.63 OK
r-devel-linux-x86_64-fedora-clang 0.1.1 297.78 NOTE
r-devel-linux-x86_64-fedora-gcc 0.1.1 270.52 OK
r-devel-windows-ix86+x86_64 0.1.1 243.00 186.00 429.00 OK
r-devel-windows-x86_64-gcc10-UCRT 0.1.1 ERROR
r-patched-linux-x86_64 0.1.1 88.11 101.97 190.08 OK
r-patched-solaris-x86 0.1.1 292.50 OK
r-release-linux-x86_64 0.1.1 89.31 103.04 192.35 OK
r-release-macos-x86_64 0.1.1 NOTE
r-release-windows-ix86+x86_64 0.1.1 173.00 143.00 316.00 OK
r-oldrel-macos-x86_64 0.1.1 NOTE
r-oldrel-windows-ix86+x86_64 0.1.1 161.00 167.00 328.00 OK

Check Details

Version: 0.1.1
Check: installed package size
Result: NOTE
     installed size is 7.8Mb
     sub-directories of 1Mb or more:
     libs 6.4Mb
Flavors: r-devel-linux-x86_64-fedora-clang, r-release-macos-x86_64, r-oldrel-macos-x86_64

Version: 0.1.1
Check: package dependencies
Result: ERROR
    Package required but not available: 'Rgraphviz'
    
    See section 'The DESCRIPTION file' in the 'Writing R Extensions'
    manual.
Flavor: r-devel-windows-x86_64-gcc10-UCRT