CRAN Package Check Results for Package INSPECTumours

Last updated on 2024-02-29 04:54:17 CET.

Flavor Version Tinstall Tcheck Ttotal Status Flags
r-devel-linux-x86_64-debian-clang 0.1.0 41.76 258.96 300.72 NOTE
r-devel-linux-x86_64-debian-gcc 0.1.0 34.32 191.11 225.43 NOTE
r-devel-linux-x86_64-fedora-clang 0.1.0 371.36 NOTE
r-devel-linux-x86_64-fedora-gcc 0.1.0 376.07 NOTE
r-devel-windows-x86_64 0.1.0 29.00 176.00 205.00 NOTE
r-patched-linux-x86_64 0.1.0 39.84 249.31 289.15 NOTE
r-release-linux-x86_64 0.1.0 31.00 252.37 283.37 NOTE
r-release-macos-arm64 0.1.0 84.00 NOTE
r-release-macos-x86_64 0.1.0 149.00 NOTE
r-release-windows-x86_64 0.1.0 40.00 220.00 260.00 NOTE
r-oldrel-macos-arm64 0.1.0 67.00 OK
r-oldrel-windows-x86_64 0.1.0 41.00 223.00 264.00 OK

Check Details

Version: 0.1.0
Check: package subdirectories
Result: NOTE Problems with news in ‘NEWS.md’: Cannot extract version info from the following section titles: INSPECTumours (development version) Flavors: r-devel-linux-x86_64-debian-clang, r-devel-linux-x86_64-debian-gcc, r-devel-linux-x86_64-fedora-clang, r-devel-linux-x86_64-fedora-gcc, r-devel-windows-x86_64, r-patched-linux-x86_64, r-release-linux-x86_64, r-release-macos-arm64, r-release-macos-x86_64, r-release-windows-x86_64

Version: 0.1.0
Check: package dependencies
Result: NOTE Imports includes 25 non-default packages. Importing from so many packages makes the package vulnerable to any of them becoming unavailable. Move as many as possible to Suggests and use conditionally. Flavor: r-devel-linux-x86_64-fedora-clang