CRAN Package Check Results for Package INSPIRE

Last updated on 2019-10-18 07:49:25 CEST.

Flavor Version Tinstall Tcheck Ttotal Status Flags
r-devel-linux-x86_64-debian-clang 1.5 10.34 75.68 86.02 OK
r-devel-linux-x86_64-debian-gcc 1.5 9.46 58.38 67.84 OK
r-devel-linux-x86_64-fedora-clang 1.5 105.04 NOTE
r-devel-linux-x86_64-fedora-gcc 1.5 102.91 NOTE
r-devel-windows-ix86+x86_64 1.5 46.00 109.00 155.00 OK
r-patched-linux-x86_64 1.5 10.45 71.74 82.19 OK
r-patched-solaris-x86 1.5 158.70 OK
r-release-linux-x86_64 1.5 8.69 71.53 80.22 OK
r-release-windows-ix86+x86_64 1.5 25.00 185.00 210.00 OK
r-release-osx-x86_64 1.5 OK
r-oldrel-windows-ix86+x86_64 1.5 19.00 101.00 120.00 OK
r-oldrel-osx-x86_64 1.5 OK

Check Details

Version: 1.5
Check: compiled code
Result: NOTE
    File ‘INSPIRE/libs/INSPIRE.so’:
     Found no calls to: ‘R_registerRoutines’, ‘R_useDynamicSymbols’
    
    It is good practice to register native routines and to disable symbol
    search.
    
    See ‘Writing portable packages’ in the ‘Writing R Extensions’ manual.
Flavors: r-devel-linux-x86_64-fedora-clang, r-devel-linux-x86_64-fedora-gcc