CRAN Package Check Results for Package INSPIRE

Last updated on 2020-06-01 21:50:37 CEST.

Flavor Version Tinstall Tcheck Ttotal Status Flags
r-devel-linux-x86_64-debian-clang 1.5 7.57 49.83 57.40 OK
r-devel-linux-x86_64-debian-gcc 1.5 6.05 38.53 44.58 OK
r-devel-linux-x86_64-fedora-clang 1.5 75.95 NOTE
r-devel-linux-x86_64-fedora-gcc 1.5 67.70 NOTE
r-devel-windows-ix86+x86_64 1.5 36.00 143.00 179.00 OK
r-patched-linux-x86_64 1.5 7.10 48.78 55.88 OK
r-patched-solaris-x86 1.5 104.70 OK
r-release-linux-x86_64 1.5 6.03 49.24 55.27 OK
r-release-osx-x86_64 1.5 OK
r-release-windows-ix86+x86_64 1.5 27.00 95.00 122.00 OK
r-oldrel-osx-x86_64 1.5 OK
r-oldrel-windows-ix86+x86_64 1.5 31.00 83.00 114.00 OK

Check Details

Version: 1.5
Check: compiled code
Result: NOTE
    File ‘INSPIRE/libs/INSPIRE.so’:
     Found no calls to: ‘R_registerRoutines’, ‘R_useDynamicSymbols’
    
    It is good practice to register native routines and to disable symbol
    search.
    
    See ‘Writing portable packages’ in the ‘Writing R Extensions’ manual.
Flavors: r-devel-linux-x86_64-fedora-clang, r-devel-linux-x86_64-fedora-gcc