Last updated on 2021-03-08 08:48:31 CET.
Flavor | Version | Tinstall | Tcheck | Ttotal | Status | Flags |
---|---|---|---|---|---|---|
r-devel-linux-x86_64-debian-clang | 0.1.0 | 3.01 | 32.26 | 35.27 | OK | |
r-devel-linux-x86_64-debian-gcc | 0.1.0 | 2.09 | 24.40 | 26.49 | OK | |
r-devel-linux-x86_64-fedora-clang | 0.1.0 | 52.38 | NOTE | |||
r-devel-linux-x86_64-fedora-gcc | 0.1.0 | 41.24 | NOTE | |||
r-devel-windows-ix86+x86_64 | 0.1.0 | 7.00 | 48.00 | 55.00 | OK | |
r-devel-windows-x86_64-gcc10-UCRT | 0.1.0 | NOTE | ||||
r-patched-linux-x86_64 | 0.1.0 | 2.80 | 29.98 | 32.78 | OK | |
r-patched-solaris-x86 | 0.1.0 | 63.40 | NOTE | |||
r-release-linux-x86_64 | 0.1.0 | 2.79 | 30.64 | 33.43 | OK | |
r-release-macos-x86_64 | 0.1.0 | NOTE | ||||
r-release-windows-ix86+x86_64 | 0.1.0 | 6.00 | 35.00 | 41.00 | OK | |
r-oldrel-macos-x86_64 | 0.1.0 | NOTE | ||||
r-oldrel-windows-ix86+x86_64 | 0.1.0 | 5.00 | 35.00 | 40.00 | OK |
Version: 0.1.0
Check: dependencies in R code
Result: NOTE
Namespace in Imports field not imported from: ‘dplyr’
All declared Imports should be used.
Flavors: r-devel-linux-x86_64-fedora-clang, r-devel-linux-x86_64-fedora-gcc, r-devel-windows-x86_64-gcc10-UCRT, r-patched-solaris-x86, r-release-macos-x86_64, r-oldrel-macos-x86_64