CRAN Package Check Results for Package IOHanalyzer

Last updated on 2024-02-22 23:51:26 CET.

Flavor Version Tinstall Tcheck Ttotal Status Flags
r-devel-linux-x86_64-debian-clang 0.1.8.6 OK
r-devel-linux-x86_64-debian-gcc 0.1.8.6 41.56 110.13 151.69 OK
r-devel-linux-x86_64-fedora-clang 0.1.8.6 266.65 NOTE
r-devel-linux-x86_64-fedora-gcc 0.1.8.6 254.44 NOTE
r-devel-windows-x86_64 0.1.8.6 43.00 172.00 215.00 OK
r-patched-linux-x86_64 0.1.8.6 40.89 146.73 187.62 OK
r-release-linux-x86_64 0.1.8.6 36.73 146.63 183.36 OK
r-release-macos-arm64 0.1.8.6 72.00 NOTE
r-release-macos-x86_64 0.1.8.6 153.00 NOTE
r-release-windows-x86_64 0.1.8.6 55.00 212.00 267.00 OK
r-oldrel-macos-arm64 0.1.8.6 69.00 NOTE
r-oldrel-windows-x86_64 0.1.8.6 55.00 197.00 252.00 OK

Check Details

Version: 0.1.8.6
Check: data for non-ASCII characters
Result: NOTE Note: found 102 marked UTF-8 strings Flavors: r-devel-linux-x86_64-fedora-clang, r-devel-linux-x86_64-fedora-gcc

Version: 0.1.8.6
Check: installed package size
Result: NOTE installed size is 5.1Mb sub-directories of 1Mb or more: data 1.4Mb libs 1.8Mb shiny-server 1.1Mb Flavors: r-release-macos-arm64, r-release-macos-x86_64, r-oldrel-macos-arm64