CRAN Package Check Results for Package IPCAPS

Last updated on 2019-09-16 00:47:43 CEST.

Flavor Version Tinstall Tcheck Ttotal Status Flags
r-devel-linux-x86_64-debian-clang 1.1.5 13.26 161.01 174.27 OK
r-devel-linux-x86_64-debian-gcc 1.1.5 14.22 126.67 140.89 OK
r-devel-linux-x86_64-fedora-clang 1.1.5 226.59 NOTE
r-devel-linux-x86_64-fedora-gcc 1.1.5 214.29 NOTE
r-devel-windows-ix86+x86_64 1.1.5 61.00 153.00 214.00 NOTE
r-patched-linux-x86_64 1.1.5 15.49 156.95 172.44 OK
r-patched-solaris-x86 1.1.5 349.70 NOTE
r-release-linux-x86_64 1.1.5 15.35 162.53 177.88 OK
r-release-windows-ix86+x86_64 1.1.5 44.00 155.00 199.00 NOTE
r-release-osx-x86_64 1.1.5 NOTE
r-oldrel-windows-ix86+x86_64 1.1.5 44.00 141.00 185.00 NOTE
r-oldrel-osx-x86_64 1.1.5 NOTE

Check Details

Version: 1.1.5
Check: installed package size
Result: NOTE
     installed size is 9.1Mb
     sub-directories of 1Mb or more:
     data 1.4Mb
     extdata 7.5Mb
Flavors: r-devel-linux-x86_64-fedora-clang, r-devel-windows-ix86+x86_64, r-patched-solaris-x86, r-release-windows-ix86+x86_64, r-release-osx-x86_64, r-oldrel-windows-ix86+x86_64, r-oldrel-osx-x86_64

Version: 1.1.5
Check: dependencies in R code
Result: NOTE
    Namespaces in Imports field not imported from:
     ‘Matrix’ ‘expm’
     All declared Imports should be used.
Flavors: r-devel-linux-x86_64-fedora-clang, r-devel-linux-x86_64-fedora-gcc, r-patched-solaris-x86, r-release-osx-x86_64, r-oldrel-osx-x86_64