Last updated on 2023-12-01 12:52:23 CET.
Flavor | Version | Tinstall | Tcheck | Ttotal | Status | Flags |
---|---|---|---|---|---|---|
r-devel-linux-x86_64-debian-clang | 1.0 | 8.11 | 68.32 | 76.43 | NOTE | |
r-devel-linux-x86_64-debian-gcc | 1.0 | 6.17 | 52.91 | 59.08 | NOTE | |
r-devel-linux-x86_64-fedora-clang | 1.0 | 93.57 | NOTE | |||
r-devel-linux-x86_64-fedora-gcc | 1.0 | 91.05 | NOTE | |||
r-devel-windows-x86_64 | 1.0 | 7.00 | 70.00 | 77.00 | NOTE | |
r-patched-linux-x86_64 | 1.0 | 7.13 | 67.08 | 74.21 | NOTE | |
r-release-linux-x86_64 | 1.0 | 7.56 | 67.41 | 74.97 | NOTE | |
r-release-macos-arm64 | 1.0 | 34.00 | NOTE | |||
r-release-macos-x86_64 | 1.0 | 54.00 | NOTE | |||
r-release-windows-x86_64 | 1.0 | 9.00 | 78.00 | 87.00 | NOTE | |
r-oldrel-macos-arm64 | 1.0 | 30.00 | NOTE | |||
r-oldrel-macos-x86_64 | 1.0 | 44.00 | NOTE | |||
r-oldrel-windows-x86_64 | 1.0 | 9.00 | 84.00 | 93.00 | NOTE |
Version: 1.0
Check: LazyData
Result: NOTE
'LazyData' is specified without a 'data' directory
Flavors: r-devel-linux-x86_64-debian-clang, r-devel-linux-x86_64-debian-gcc, r-devel-linux-x86_64-fedora-clang, r-devel-linux-x86_64-fedora-gcc, r-devel-windows-x86_64, r-patched-linux-x86_64, r-release-linux-x86_64, r-release-macos-arm64, r-release-macos-x86_64, r-release-windows-x86_64, r-oldrel-macos-arm64, r-oldrel-macos-x86_64, r-oldrel-windows-x86_64