CRAN Package Check Results for Package IPEDS

Last updated on 2023-06-09 15:58:51 CEST.

Flavor Version Tinstall Tcheck Ttotal Status Flags
r-devel-linux-x86_64-debian-clang 0.1.0 9.90 76.65 86.55 OK
r-devel-linux-x86_64-debian-gcc 0.1.0 7.32 58.54 65.86 OK
r-devel-linux-x86_64-fedora-clang 0.1.0 109.91 NOTE
r-devel-linux-x86_64-fedora-gcc 0.1.0 116.91 NOTE
r-devel-windows-x86_64 0.1.0 11.00 81.00 92.00 OK
r-patched-linux-x86_64 0.1.0 6.21 72.09 78.30 OK
r-release-linux-x86_64 0.1.0 9.37 71.54 80.91 OK
r-release-macos-arm64 0.1.0 48.00 OK
r-release-macos-x86_64 0.1.0 71.00 OK
r-release-windows-x86_64 0.1.0 12.00 94.00 106.00 OK
r-oldrel-macos-arm64 0.1.0 43.00 NOTE
r-oldrel-macos-x86_64 0.1.0 58.00 NOTE
r-oldrel-windows-x86_64 0.1.0 14.00 92.00 106.00 OK

Check Details

Version: 0.1.0
Check: data for non-ASCII characters
Result: NOTE
     Note: found 46 marked UTF-8 strings
Flavors: r-devel-linux-x86_64-fedora-clang, r-devel-linux-x86_64-fedora-gcc, r-oldrel-macos-arm64, r-oldrel-macos-x86_64