CRAN Package Check Results for Package IRISMustangMetrics

Last updated on 2020-12-04 20:46:52 CET.

Flavor Version Tinstall Tcheck Ttotal Status Flags
r-devel-linux-x86_64-debian-clang 2.4.2 8.20 55.75 63.95 OK
r-devel-linux-x86_64-debian-gcc 2.4.2 7.80 41.72 49.52 ERROR
r-devel-linux-x86_64-fedora-clang 2.4.2 86.57 OK
r-devel-linux-x86_64-fedora-gcc 2.4.2 56.50 OK
r-devel-windows-ix86+x86_64 2.4.2 19.00 84.00 103.00 OK
r-patched-linux-x86_64 2.4.2 7.08 52.14 59.22 ERROR
r-patched-solaris-x86 2.4.2 91.60 OK
r-release-linux-x86_64 2.4.2 8.08 51.99 60.07 OK
r-release-macos-x86_64 2.4.2 OK
r-release-windows-ix86+x86_64 2.4.2 13.00 82.00 95.00 OK
r-oldrel-macos-x86_64 2.4.2 OK
r-oldrel-windows-ix86+x86_64 2.4.2 16.00 66.00 82.00 OK

Check Details

Version: 2.4.2
Check: examples
Result: ERROR
    Running examples in ‘IRISMustangMetrics-Ex.R’ failed
    The error most likely occurred in:
    
    > base::assign(".ptime", proc.time(), pos = "CheckExEnv")
    > ### Name: getMustangMetrics
    > ### Title: Retrieve measurements from the MUSTANG BSS
    > ### Aliases: getMustangMetrics
    > ### getMustangMetrics,IrisClient,character,character,character,character,POSIXct,POSIXct,character-method
    > ### Keywords: webservices
    >
    > ### ** Examples
    >
    > # Open a connection to IRIS DMC webservices (including the BSS)
    > iris <- new("IrisClient", debug=TRUE)
    >
    > starttime <- as.POSIXct("2016-08-01", tz="GMT")
    > endtime <- starttime + 30*24*3600
    > metricName <- "sample_max,sample_mean,orientation_check"
    >
    > # Get the measurement dataframe
    > juneStats <- getMustangMetrics(iris,"IU","ANMO","","BH[12Z]",
    + starttime,endtime,metricName)
    URL = http://service.iris.edu/mustang/measurements/1/query?net=IU&sta=ANMO&cha=BH[12Z]&timewindow=2016-08-01T00:00:00,2016-08-31T00:00:00&format=text&metric=sample_max,sample_mean,orientation_check&nodata=404
    Error in getGeneralValueMetrics.IrisClient(obj, network, station, location, :
     getMustangMetrics.IrisClient: convert starttime to as.POSIXct failed
    Calls: getMustangMetrics ... getMustangMetrics -> getGeneralValueMetrics.IrisClient
    Execution halted
Flavor: r-devel-linux-x86_64-debian-gcc

Version: 2.4.2
Check: examples
Result: ERROR
    Running examples in ‘IRISMustangMetrics-Ex.R’ failed
    The error most likely occurred in:
    
    > base::assign(".ptime", proc.time(), pos = "CheckExEnv")
    > ### Name: getMustangMetrics
    > ### Title: Retrieve measurements from the MUSTANG BSS
    > ### Aliases: getMustangMetrics
    > ### getMustangMetrics,IrisClient,character,character,character,character,POSIXct,POSIXct,character-method
    > ### Keywords: webservices
    >
    > ### ** Examples
    >
    > # Open a connection to IRIS DMC webservices (including the BSS)
    > iris <- new("IrisClient", debug=TRUE)
    >
    > starttime <- as.POSIXct("2016-08-01", tz="GMT")
    > endtime <- starttime + 30*24*3600
    > metricName <- "sample_max,sample_mean,orientation_check"
    >
    > # Get the measurement dataframe
    > juneStats <- getMustangMetrics(iris,"IU","ANMO","","BH[12Z]",
    + starttime,endtime,metricName)
    URL = http://service.iris.edu/mustang/measurements/1/query?net=IU&sta=ANMO&cha=BH[12Z]&timewindow=2016-08-01T00:00:00,2016-08-31T00:00:00&format=text&metric=sample_max,sample_mean,orientation_check&nodata=404
    Error in getGeneralValueMetrics.IrisClient(obj, network, station, location, :
     getMustangMetrics.IrisClient: com.isti.bss.mvc.BaseController$TimeoutException
    Calls: getMustangMetrics ... getMustangMetrics -> getGeneralValueMetrics.IrisClient
    Execution halted
Flavor: r-patched-linux-x86_64