CRAN Package Check Results for Package IRISMustangMetrics

Last updated on 2018-08-19 14:48:08 CEST.

Flavor Version Tinstall Tcheck Ttotal Status Flags
r-devel-linux-x86_64-debian-clang 2.1.0 5.50 48.56 54.06 OK
r-devel-linux-x86_64-debian-gcc 2.1.1 5.39 36.89 42.28 OK
r-devel-linux-x86_64-fedora-clang 2.1.1 60.85 OK
r-devel-linux-x86_64-fedora-gcc 2.1.1 60.84 OK
r-devel-windows-ix86+x86_64 2.1.1 13.00 88.00 101.00 OK
r-patched-linux-x86_64 2.1.0 3.65 42.27 45.92 OK
r-patched-solaris-x86 2.1.1 75.70 OK
r-release-linux-x86_64 2.1.1 3.82 42.09 45.91 OK
r-release-windows-ix86+x86_64 2.1.0 15.00 82.00 97.00 OK
r-release-osx-x86_64 2.1.1 OK
r-oldrel-windows-ix86+x86_64 2.1.1 2.00 5.00 7.00 ERROR
r-oldrel-osx-x86_64 2.1.1 OK

Check Details

Version: 2.1.1
Check: whether package can be installed
Result: ERROR
    Installation failed.
Flavor: r-oldrel-windows-ix86+x86_64