Last updated on 2021-01-22 03:50:40 CET.
Flavor | Version | Tinstall | Tcheck | Ttotal | Status | Flags |
---|---|---|---|---|---|---|
r-devel-linux-x86_64-debian-clang | 3.1.1.1 | 3.67 | 40.25 | 43.92 | OK | |
r-devel-linux-x86_64-debian-gcc | 3.1.1.1 | 3.20 | 31.38 | 34.58 | OK | |
r-devel-linux-x86_64-fedora-clang | 3.1.1.1 | 63.88 | OK | |||
r-devel-linux-x86_64-fedora-gcc | 3.1.1.1 | 54.95 | OK | |||
r-devel-windows-ix86+x86_64 | 3.1.1.1 | 8.00 | 57.00 | 65.00 | OK | |
r-patched-linux-x86_64 | 3.1.1.1 | 4.12 | 39.34 | 43.46 | OK | |
r-patched-solaris-x86 | 3.1.1.1 | 76.80 | NOTE | |||
r-release-linux-x86_64 | 3.1.1.1 | 4.68 | 39.33 | 44.01 | OK | |
r-release-macos-x86_64 | 3.1.1.1 | NOTE | ||||
r-release-windows-ix86+x86_64 | 3.1.1.1 | 6.00 | 59.00 | 65.00 | OK | |
r-oldrel-macos-x86_64 | 3.1.1.1 | NOTE | ||||
r-oldrel-windows-ix86+x86_64 | 3.1.1.1 | 6.00 | 41.00 | 47.00 | OK |
Version: 3.1.1.1
Check: package dependencies
Result: NOTE
Package suggested but not available for checking: ‘BRugs’
Flavors: r-patched-solaris-x86, r-release-macos-x86_64, r-oldrel-macos-x86_64