CRAN Package Check Results for Package ISM

Last updated on 2022-12-07 07:54:33 CET.

Flavor Version Tinstall Tcheck Ttotal Status Flags
r-devel-linux-x86_64-debian-clang 0.1.0 9.19 79.34 88.53 NOTE
r-devel-linux-x86_64-debian-gcc 0.1.0 6.41 59.37 65.78 NOTE
r-devel-linux-x86_64-fedora-clang 0.1.0 120.87 NOTE
r-devel-linux-x86_64-fedora-gcc 0.1.0 121.74 NOTE
r-devel-windows-x86_64 0.1.0 12.00 90.00 102.00 NOTE
r-patched-linux-x86_64 0.1.0 7.72 76.06 83.78 NOTE
r-release-linux-x86_64 0.1.0 8.87 77.75 86.62 NOTE
r-release-macos-arm64 0.1.0 34.00 NOTE
r-release-macos-x86_64 0.1.0 43.00 NOTE
r-release-windows-x86_64 0.1.0 12.00 89.00 101.00 NOTE
r-oldrel-macos-arm64 0.1.0 43.00 NOTE
r-oldrel-macos-x86_64 0.1.0 60.00 NOTE
r-oldrel-windows-ix86+x86_64 0.1.0 14.00 84.00 98.00 NOTE

Check Details

Version: 0.1.0
Check: LazyData
Result: NOTE
     'LazyData' is specified without a 'data' directory
Flavors: r-devel-linux-x86_64-debian-clang, r-devel-linux-x86_64-debian-gcc, r-devel-linux-x86_64-fedora-clang, r-devel-linux-x86_64-fedora-gcc, r-devel-windows-x86_64, r-patched-linux-x86_64, r-release-linux-x86_64, r-release-macos-arm64, r-release-macos-x86_64, r-release-windows-x86_64, r-oldrel-macos-arm64, r-oldrel-macos-x86_64, r-oldrel-windows-ix86+x86_64