CRAN Package Check Results for Package ISRaD

Last updated on 2024-02-26 17:51:19 CET.

Flavor Version Tinstall Tcheck Ttotal Status Flags
r-devel-linux-x86_64-debian-clang 2.5.5 32.69 294.76 327.45 NOTE
r-devel-linux-x86_64-debian-gcc 2.5.5 26.88 212.56 239.44 NOTE
r-devel-linux-x86_64-fedora-clang 2.5.5 415.47 NOTE
r-devel-linux-x86_64-fedora-gcc 2.5.5 404.47 NOTE
r-devel-windows-x86_64 2.5.5 26.00 194.00 220.00 OK
r-patched-linux-x86_64 2.5.5 22.75 282.04 304.79 OK
r-release-linux-x86_64 2.5.5 20.40 279.59 299.99 OK
r-release-macos-arm64 2.5.5 92.00 OK
r-release-macos-x86_64 2.5.5 289.00 OK
r-release-windows-x86_64 2.5.5 34.00 261.00 295.00 OK
r-oldrel-macos-arm64 2.5.5 90.00 OK
r-oldrel-windows-x86_64 2.5.5 37.00 252.00 289.00 OK

Check Details

Version: 2.5.5
Check: Rd files
Result: NOTE checkRd: (-1) is_israd_database.Rd:19: Lost braces in \itemize; meant \describe ? checkRd: (-1) is_israd_database.Rd:20: Lost braces in \itemize; meant \describe ? checkRd: (-1) is_israd_database.Rd:21: Lost braces in \itemize; meant \describe ? checkRd: (-1) is_israd_database.Rd:22: Lost braces in \itemize; meant \describe ? checkRd: (-1) is_israd_database.Rd:23: Lost braces in \itemize; meant \describe ? checkRd: (-1) is_israd_database.Rd:24: Lost braces in \itemize; meant \describe ? checkRd: (-1) is_israd_database.Rd:25: Lost braces in \itemize; meant \describe ? checkRd: (-1) is_israd_database.Rd:26: Lost braces in \itemize; meant \describe ? Flavors: r-devel-linux-x86_64-debian-clang, r-devel-linux-x86_64-debian-gcc, r-devel-linux-x86_64-fedora-clang, r-devel-linux-x86_64-fedora-gcc

Version: 2.5.5
Check: data for non-ASCII characters
Result: NOTE Note: found 1 marked UTF-8 string Flavors: r-devel-linux-x86_64-fedora-clang, r-devel-linux-x86_64-fedora-gcc