CRAN Package Check Results for Package ITNr

Last updated on 2018-02-21 15:48:58 CET.

Flavor Version Tinstall Tcheck Ttotal Status Flags
r-devel-linux-x86_64-debian-clang 0.1.0 1.68 33.45 35.13 OK
r-devel-linux-x86_64-debian-gcc 0.1.0 2.13 25.60 27.73 OK
r-devel-linux-x86_64-fedora-clang 0.1.0 42.79 NOTE
r-devel-linux-x86_64-fedora-gcc 0.1.0 41.57 NOTE
r-devel-windows-ix86+x86_64 0.1.0 5.00 45.00 50.00 OK
r-patched-linux-x86_64 0.1.0 1.34 41.58 42.92 OK
r-patched-solaris-x86 0.1.0 3.40 ERROR
r-release-linux-x86_64 0.1.0 1.34 40.17 41.51 OK
r-release-windows-ix86+x86_64 0.1.0 12.00 65.00 77.00 OK
r-release-osx-x86_64 0.1.0 NOTE
r-oldrel-windows-ix86+x86_64 0.1.0 4.00 44.00 48.00 OK

Check Details

Version: 0.1.0
Check: dependencies in R code
Result: NOTE
    Namespaces in Imports field not imported from:
     ‘Matrix’ ‘animation’ ‘dplyr’ ‘ndtv’ ‘statnet’ ‘xergm’
     All declared Imports should be used.
Flavors: r-devel-linux-x86_64-fedora-clang, r-devel-linux-x86_64-fedora-gcc, r-release-osx-x86_64

Version: 0.1.0
Check: package dependencies
Result: ERROR
    Package required but not available: ‘xergm’
    
    See section ‘The DESCRIPTION file’ in the ‘Writing R Extensions’
    manual.
Flavor: r-patched-solaris-x86