CRAN Package Check Results for Package ITNr

Last updated on 2018-05-24 18:47:19 CEST.

Flavor Version Tinstall Tcheck Ttotal Status Flags
r-devel-linux-x86_64-debian-clang 0.2.0 3.41 34.24 37.65 OK
r-devel-linux-x86_64-debian-gcc 0.2.0 1.95 28.89 30.84 OK
r-devel-linux-x86_64-fedora-clang 0.2.0 47.31 NOTE
r-devel-linux-x86_64-fedora-gcc 0.2.0 46.77 NOTE
r-devel-windows-ix86+x86_64 0.2.0 7.00 47.00 54.00 OK
r-patched-linux-x86_64 0.2.0 2.39 34.18 36.57 OK
r-patched-solaris-x86 0.2.0 57.20 NOTE
r-release-linux-x86_64 0.2.0 2.67 34.01 36.68 OK
r-release-windows-ix86+x86_64 0.2.0 8.00 62.00 70.00 OK
r-release-osx-x86_64 0.2.0 NOTE
r-oldrel-windows-ix86+x86_64 0.2.0 7.00 66.00 73.00 OK
r-oldrel-osx-x86_64 0.1.0 NOTE

Check Details

Version: 0.2.0
Check: dependencies in R code
Result: NOTE
    Namespaces in Imports field not imported from:
     ‘Matrix’ ‘animation’ ‘comtradr’ ‘ndtv’ ‘statnet’ ‘xergm’
     All declared Imports should be used.
Flavors: r-devel-linux-x86_64-fedora-clang, r-devel-linux-x86_64-fedora-gcc, r-patched-solaris-x86, r-release-osx-x86_64

Version: 0.1.0
Check: dependencies in R code
Result: NOTE
    Namespaces in Imports field not imported from:
     ‘Matrix’ ‘animation’ ‘dplyr’ ‘ndtv’ ‘statnet’ ‘xergm’
     All declared Imports should be used.
Flavor: r-oldrel-osx-x86_64