Last updated on 2019-02-16 19:47:31 CET.
Flavor | Version | Tinstall | Tcheck | Ttotal | Status | Flags |
---|---|---|---|---|---|---|
r-devel-linux-x86_64-debian-clang | 0.3.0 | 2.68 | 37.91 | 40.59 | OK | |
r-devel-linux-x86_64-debian-gcc | 0.3.0 | 2.65 | 29.66 | 32.31 | OK | |
r-devel-linux-x86_64-fedora-clang | 0.3.0 | 49.48 | NOTE | |||
r-devel-linux-x86_64-fedora-gcc | 0.3.0 | 46.14 | NOTE | |||
r-devel-windows-ix86+x86_64 | 0.3.0 | 7.00 | 63.00 | 70.00 | OK | |
r-patched-linux-x86_64 | 0.3.0 | 3.15 | 35.55 | 38.70 | OK | |
r-patched-solaris-x86 | 0.3.0 | 70.30 | NOTE | |||
r-release-linux-x86_64 | 0.3.0 | OK | ||||
r-release-windows-ix86+x86_64 | 0.3.0 | 6.00 | 78.00 | 84.00 | OK | |
r-release-osx-x86_64 | 0.3.0 | NOTE | ||||
r-oldrel-windows-ix86+x86_64 | 0.3.0 | 8.00 | 71.00 | 79.00 | OK | |
r-oldrel-osx-x86_64 | 0.3.0 | NOTE |
Version: 0.3.0
Check: dependencies in R code
Result: NOTE
Namespace in Imports field not imported from: ‘comtradr’
All declared Imports should be used.
Flavors: r-devel-linux-x86_64-fedora-clang, r-devel-linux-x86_64-fedora-gcc, r-patched-solaris-x86, r-release-osx-x86_64, r-oldrel-osx-x86_64