CRAN Package Check Results for Package ITNr

Last updated on 2018-08-20 15:51:42 CEST.

Flavor Version Tinstall Tcheck Ttotal Status Flags
r-devel-linux-x86_64-debian-clang 0.2.0 2.90 38.07 40.97 OK
r-devel-linux-x86_64-debian-gcc 0.2.0 2.33 30.08 32.41 OK
r-devel-linux-x86_64-fedora-clang 0.2.0 50.46 NOTE
r-devel-linux-x86_64-fedora-gcc 0.2.0 48.38 NOTE
r-devel-windows-ix86+x86_64 0.2.0 12.00 64.00 76.00 OK
r-patched-linux-x86_64 0.2.0 1.98 34.89 36.87 OK
r-patched-solaris-x86 0.2.0 67.40 NOTE
r-release-linux-x86_64 0.2.0 2.38 35.12 37.50 OK
r-release-windows-ix86+x86_64 0.2.0 13.00 61.00 74.00 OK
r-release-osx-x86_64 0.2.0 NOTE
r-oldrel-windows-ix86+x86_64 0.2.0 4.00 58.00 62.00 OK
r-oldrel-osx-x86_64 0.2.0 NOTE

Check Details

Version: 0.2.0
Check: dependencies in R code
Result: NOTE
    Namespaces in Imports field not imported from:
     ‘Matrix’ ‘animation’ ‘comtradr’ ‘ndtv’ ‘statnet’ ‘xergm’
     All declared Imports should be used.
Flavors: r-devel-linux-x86_64-fedora-clang, r-devel-linux-x86_64-fedora-gcc, r-patched-solaris-x86, r-release-osx-x86_64, r-oldrel-osx-x86_64