CRAN Package Check Results for Package ITNr

Last updated on 2018-11-18 10:50:02 CET.

Flavor Version Tinstall Tcheck Ttotal Status Flags
r-devel-linux-x86_64-debian-clang 0.3.0 2.92 37.18 40.10 OK
r-devel-linux-x86_64-debian-gcc 0.3.0 2.68 29.83 32.51 OK
r-devel-linux-x86_64-fedora-clang 0.3.0 47.18 NOTE
r-devel-linux-x86_64-fedora-gcc 0.3.0 44.64 NOTE
r-devel-windows-ix86+x86_64 0.3.0 8.00 62.00 70.00 OK
r-patched-linux-x86_64 0.3.0 2.95 35.47 38.42 OK
r-patched-solaris-x86 0.3.0 68.10 NOTE
r-release-linux-x86_64 0.3.0 1.74 35.53 37.27 OK
r-release-windows-ix86+x86_64 0.3.0 8.00 67.00 75.00 OK
r-release-osx-x86_64 0.3.0 NOTE
r-oldrel-windows-ix86+x86_64 0.3.0 5.00 50.00 55.00 OK
r-oldrel-osx-x86_64 0.3.0 NOTE

Check Details

Version: 0.3.0
Check: dependencies in R code
Result: NOTE
    Namespace in Imports field not imported from: ‘comtradr’
     All declared Imports should be used.
Flavors: r-devel-linux-x86_64-fedora-clang, r-devel-linux-x86_64-fedora-gcc, r-patched-solaris-x86, r-release-osx-x86_64, r-oldrel-osx-x86_64