Last updated on 2021-01-23 20:46:51 CET.
Flavor | Version | Tinstall | Tcheck | Ttotal | Status | Flags |
---|---|---|---|---|---|---|
r-devel-linux-x86_64-debian-clang | 1.3.0 | 10.15 | 85.97 | 96.12 | OK | |
r-devel-linux-x86_64-debian-gcc | 1.3.0 | 8.13 | 64.99 | 73.12 | OK | |
r-devel-linux-x86_64-fedora-clang | 1.3.0 | 128.94 | OK | |||
r-devel-linux-x86_64-fedora-gcc | 1.3.0 | 119.06 | OK | |||
r-devel-windows-ix86+x86_64 | 1.3.0 | 23.00 | 112.00 | 135.00 | OK | |
r-patched-linux-x86_64 | 1.3.0 | 9.56 | 79.98 | 89.54 | OK | |
r-patched-solaris-x86 | 1.3.0 | 168.50 | NOTE | |||
r-release-linux-x86_64 | 1.3.0 | 9.98 | 79.69 | 89.67 | OK | |
r-release-macos-x86_64 | 1.3.0 | OK | ||||
r-release-windows-ix86+x86_64 | 1.3.0 | 30.00 | 111.00 | 141.00 | OK | |
r-oldrel-macos-x86_64 | 1.3.0 | OK | ||||
r-oldrel-windows-ix86+x86_64 | 1.3.0 | 17.00 | 93.00 | 110.00 | OK |
Version: 1.3.0
Check: installed package size
Result: NOTE
installed size is 5.0Mb
sub-directories of 1Mb or more:
java 4.4Mb
Flavor: r-patched-solaris-x86