CRAN Package Check Results for Package IncDTW

Last updated on 2024-02-25 18:51:27 CET.

Flavor Version Tinstall Tcheck Ttotal Status Flags
r-devel-linux-x86_64-debian-clang 1.1.4.4 120.23 98.04 218.27 NOTE
r-devel-linux-x86_64-debian-gcc 1.1.4.4 98.84 71.47 170.31 NOTE
r-devel-linux-x86_64-fedora-clang 1.1.4.4 317.68 NOTE
r-devel-linux-x86_64-fedora-gcc 1.1.4.4 332.16 NOTE
r-devel-windows-x86_64 1.1.4.4 101.00 109.00 210.00 NOTE
r-patched-linux-x86_64 1.1.4.4 124.30 91.44 215.74 NOTE
r-release-linux-x86_64 1.1.4.4 125.74 93.19 218.93 NOTE
r-release-macos-arm64 1.1.4.4 84.00 NOTE
r-release-macos-x86_64 1.1.4.4 130.00 NOTE
r-release-windows-x86_64 1.1.4.4 126.00 132.00 258.00 NOTE
r-oldrel-macos-arm64 1.1.4.4 69.00 NOTE
r-oldrel-windows-x86_64 1.1.4.4 120.00 137.00 257.00 NOTE

Check Details

Version: 1.1.4.4
Check: C++ specification
Result: NOTE Specified C++11: please drop specification unless essential Flavors: r-devel-linux-x86_64-debian-clang, r-devel-linux-x86_64-debian-gcc, r-devel-linux-x86_64-fedora-clang, r-devel-linux-x86_64-fedora-gcc, r-devel-windows-x86_64, r-patched-linux-x86_64, r-release-linux-x86_64, r-release-macos-arm64, r-release-macos-x86_64, r-release-windows-x86_64

Version: 1.1.4.4
Check: for GNU extensions in Makefiles
Result: NOTE GNU make is a SystemRequirements. Flavors: r-devel-linux-x86_64-debian-clang, r-devel-linux-x86_64-debian-gcc, r-devel-linux-x86_64-fedora-clang, r-devel-linux-x86_64-fedora-gcc, r-devel-windows-x86_64, r-patched-linux-x86_64, r-release-linux-x86_64, r-release-macos-arm64, r-release-macos-x86_64, r-release-windows-x86_64, r-oldrel-macos-arm64, r-oldrel-windows-x86_64

Version: 1.1.4.4
Check: installed package size
Result: NOTE installed size is 7.1Mb sub-directories of 1Mb or more: libs 5.3Mb Flavors: r-release-macos-arm64, r-release-macos-x86_64, r-oldrel-macos-arm64