CRAN Package Check Results for Package InfiniumPurify

Last updated on 2020-07-02 07:49:58 CEST.

Flavor Version Tinstall Tcheck Ttotal Status Flags
r-devel-linux-x86_64-debian-clang 1.3.1 2.55 38.38 40.93 OK
r-devel-linux-x86_64-debian-gcc 1.3.1 1.97 28.51 30.48 OK
r-devel-linux-x86_64-fedora-clang 1.3.1 54.23 NOTE
r-devel-linux-x86_64-fedora-gcc 1.3.1 44.40 OK
r-devel-windows-ix86+x86_64 1.3.1 7.00 66.00 73.00 OK
r-patched-linux-x86_64 1.3.1 2.49 37.45 39.94 OK
r-patched-solaris-x86 1.3.1 74.10 NOTE
r-release-linux-x86_64 1.3.1 2.26 37.80 40.06 OK
r-release-osx-x86_64 1.3.1 OK
r-release-windows-ix86+x86_64 1.3.1 6.00 47.00 53.00 OK
r-oldrel-osx-x86_64 1.3.1 NOTE
r-oldrel-windows-ix86+x86_64 1.3.1 4.00 66.00 70.00 OK

Check Details

Version: 1.3.1
Check: Rd cross-references
Result: NOTE
    Undeclared package ‘minfi’ in Rd xrefs
Flavor: r-devel-linux-x86_64-fedora-clang

Version: 1.3.1
Check: Rd cross-references
Result: NOTE
    Package unavailable to check Rd xrefs: ‘minfi’
Flavors: r-patched-solaris-x86, r-oldrel-osx-x86_64