CRAN Package Check Results for Package InfiniumPurify

Last updated on 2021-04-22 12:53:59 CEST.

Flavor Version Tinstall Tcheck Ttotal Status Flags
r-devel-linux-x86_64-debian-clang 1.3.1 2.64 39.10 41.74 OK
r-devel-linux-x86_64-debian-gcc 1.3.1 1.99 30.17 32.16 OK
r-devel-linux-x86_64-fedora-clang 1.3.1 61.67 NOTE
r-devel-linux-x86_64-fedora-gcc 1.3.1 49.95 OK
r-devel-windows-ix86+x86_64 1.3.1 4.00 56.00 60.00 OK
r-devel-windows-x86_64-gcc10-UCRT 1.3.1 NOTE
r-patched-linux-x86_64 1.3.1 2.65 37.16 39.81 OK
r-patched-solaris-x86 1.3.1 82.00 NOTE
r-release-linux-x86_64 1.3.1 2.19 37.62 39.81 OK
r-release-macos-x86_64 1.3.1 OK
r-release-windows-ix86+x86_64 1.3.1 5.00 57.00 62.00 OK
r-oldrel-macos-x86_64 1.3.1 NOTE
r-oldrel-windows-ix86+x86_64 1.3.1 4.00 54.00 58.00 OK

Check Details

Version: 1.3.1
Check: Rd cross-references
Result: NOTE
    Undeclared package ‘minfi’ in Rd xrefs
Flavor: r-devel-linux-x86_64-fedora-clang

Version: 1.3.1
Check: Rd cross-references
Result: NOTE
    Package unavailable to check Rd xrefs: 'minfi'
Flavors: r-devel-windows-x86_64-gcc10-UCRT, r-patched-solaris-x86, r-oldrel-macos-x86_64