CRAN Package Check Results for Package InfiniumPurify

Last updated on 2022-01-25 04:49:40 CET.

Flavor Version Tinstall Tcheck Ttotal Status Flags
r-devel-linux-x86_64-debian-clang 1.3.1 2.59 47.46 50.05 OK
r-devel-linux-x86_64-debian-gcc 1.3.1 1.76 38.06 39.82 OK
r-devel-linux-x86_64-fedora-clang 1.3.1 60.17 NOTE
r-devel-linux-x86_64-fedora-gcc 1.3.1 50.15 OK
r-devel-windows-x86_64-new-UL 1.3.1 46.00 66.00 112.00 OK
r-devel-windows-x86_64-new-TK 1.3.1 OK
r-patched-linux-x86_64 1.3.1 1.83 45.80 47.63 OK
r-release-linux-x86_64 1.3.1 2.53 45.09 47.62 OK
r-release-macos-arm64 1.3.1 NOTE
r-release-macos-x86_64 1.3.1 OK
r-release-windows-ix86+x86_64 1.3.1 5.00 57.00 62.00 OK
r-oldrel-macos-x86_64 1.3.1 OK
r-oldrel-windows-ix86+x86_64 1.3.1 5.00 56.00 61.00 OK

Check Details

Version: 1.3.1
Check: Rd cross-references
Result: NOTE
    Undeclared package ‘minfi’ in Rd xrefs
Flavor: r-devel-linux-x86_64-fedora-clang

Version: 1.3.1
Check: Rd cross-references
Result: NOTE
    Package unavailable to check Rd xrefs: ‘minfi’
Flavor: r-release-macos-arm64