CRAN Package Check Results for Package InfiniumPurify

Last updated on 2020-09-26 13:48:54 CEST.

Flavor Version Tinstall Tcheck Ttotal Status Flags
r-devel-linux-x86_64-debian-clang 1.3.1 2.49 39.36 41.85 OK
r-devel-linux-x86_64-debian-gcc 1.3.1 2.00 27.10 29.10 OK
r-devel-linux-x86_64-fedora-clang 1.3.1 54.88 NOTE
r-devel-linux-x86_64-fedora-gcc 1.3.1 49.38 OK
r-devel-windows-ix86+x86_64 1.3.1 6.00 57.00 63.00 OK
r-patched-linux-x86_64 1.3.1 2.58 37.54 40.12 OK
r-patched-solaris-x86 1.3.1 74.80 NOTE
r-release-linux-x86_64 1.3.1 2.64 37.39 40.03 OK
r-release-macos-x86_64 1.3.1 OK
r-release-windows-ix86+x86_64 1.3.1 5.00 57.00 62.00 OK
r-oldrel-macos-x86_64 1.3.1 NOTE
r-oldrel-windows-ix86+x86_64 1.3.1 6.00 58.00 64.00 OK

Check Details

Version: 1.3.1
Check: Rd cross-references
Result: NOTE
    Undeclared package ‘minfi’ in Rd xrefs
Flavor: r-devel-linux-x86_64-fedora-clang

Version: 1.3.1
Check: Rd cross-references
Result: NOTE
    Package unavailable to check Rd xrefs: ‘minfi’
Flavors: r-patched-solaris-x86, r-oldrel-macos-x86_64