CRAN Package Check Results for Package InfiniumPurify

Last updated on 2021-01-22 23:49:00 CET.

Flavor Version Tinstall Tcheck Ttotal Status Flags
r-devel-linux-x86_64-debian-clang 1.3.1 2.58 39.40 41.98 OK
r-devel-linux-x86_64-debian-gcc 1.3.1 1.87 29.41 31.28 OK
r-devel-linux-x86_64-fedora-clang 1.3.1 59.13 NOTE
r-devel-linux-x86_64-fedora-gcc 1.3.1 49.43 OK
r-devel-windows-ix86+x86_64 1.3.1 5.00 56.00 61.00 OK
r-patched-linux-x86_64 1.3.1 2.37 37.11 39.48 OK
r-patched-solaris-x86 1.3.1 78.90 NOTE
r-release-linux-x86_64 1.3.1 2.40 37.08 39.48 OK
r-release-macos-x86_64 1.3.1 OK
r-release-windows-ix86+x86_64 1.3.1 5.00 58.00 63.00 OK
r-oldrel-macos-x86_64 1.3.1 NOTE
r-oldrel-windows-ix86+x86_64 1.3.1 4.00 44.00 48.00 OK

Check Details

Version: 1.3.1
Check: Rd cross-references
Result: NOTE
    Undeclared package ‘minfi’ in Rd xrefs
Flavor: r-devel-linux-x86_64-fedora-clang

Version: 1.3.1
Check: Rd cross-references
Result: NOTE
    Package unavailable to check Rd xrefs: ‘minfi’
Flavors: r-patched-solaris-x86, r-oldrel-macos-x86_64