CRAN Package Check Results for Package Inflation

Last updated on 2022-07-05 17:50:33 CEST.

Flavor Version Tinstall Tcheck Ttotal Status Flags
r-devel-linux-x86_64-debian-clang 0.1.0 1.71 28.43 30.14 OK
r-devel-linux-x86_64-debian-gcc 0.1.0 1.96 22.11 24.07 OK
r-devel-linux-x86_64-fedora-clang 0.1.0 50.67 NOTE
r-devel-linux-x86_64-fedora-gcc 0.1.0 47.40 NOTE
r-devel-windows-x86_64 0.1.0 16.00 60.00 76.00 OK
r-patched-linux-x86_64 0.1.0 2.37 26.96 29.33 OK
r-release-linux-x86_64 0.1.0 1.80 27.61 29.41 OK
r-release-macos-arm64 0.1.0 16.00 NOTE
r-release-macos-x86_64 0.1.0 28.00 NOTE
r-release-windows-x86_64 0.1.0 20.00 57.00 77.00 OK
r-oldrel-macos-arm64 0.1.0 18.00 NOTE
r-oldrel-macos-x86_64 0.1.0 37.00 NOTE
r-oldrel-windows-ix86+x86_64 0.1.0 6.00 47.00 53.00 OK

Check Details

Version: 0.1.0
Check: data for non-ASCII characters
Result: NOTE
     Note: found 151 marked UTF-8 strings
Flavors: r-devel-linux-x86_64-fedora-clang, r-devel-linux-x86_64-fedora-gcc, r-release-macos-arm64, r-release-macos-x86_64, r-oldrel-macos-arm64, r-oldrel-macos-x86_64