CRAN Package Check Results for Package InflectSSP

Last updated on 2022-07-03 06:54:23 CEST.

Flavor Version Tinstall Tcheck Ttotal Status Flags
r-devel-linux-x86_64-debian-clang 1.4.4 15.29 130.58 145.87 OK
r-devel-linux-x86_64-debian-gcc 1.4.4 12.38 93.91 106.29 OK
r-devel-linux-x86_64-fedora-clang 1.4.4 187.51 NOTE
r-devel-linux-x86_64-fedora-gcc 1.4.4 181.68 NOTE
r-devel-windows-x86_64 1.4.4 21.00 130.00 151.00 OK
r-patched-linux-x86_64 1.4.4 16.29 122.05 138.34 OK
r-release-linux-x86_64 1.4.4 13.29 123.62 136.91 OK
r-release-macos-arm64 1.4.4 45.00 NOTE
r-release-macos-x86_64 1.4.4 90.00 NOTE
r-release-windows-x86_64 1.4.4 19.00 126.00 145.00 OK
r-oldrel-macos-arm64 1.4.4 47.00 NOTE
r-oldrel-macos-x86_64 1.4.4 60.00 NOTE
r-oldrel-windows-ix86+x86_64 1.4.4 30.00 123.00 153.00 OK

Check Details

Version: 1.4.4
Check: dependencies in R code
Result: NOTE
    Namespace in Imports field not imported from: ‘svglite’
     All declared Imports should be used.
Flavors: r-devel-linux-x86_64-fedora-clang, r-devel-linux-x86_64-fedora-gcc, r-release-macos-arm64, r-release-macos-x86_64, r-oldrel-macos-arm64, r-oldrel-macos-x86_64