CRAN Package Check Results for Package InjurySeverityScore

Last updated on 2024-02-26 05:57:41 CET.

Flavor Version Tinstall Tcheck Ttotal Status Flags
r-devel-linux-x86_64-debian-clang 0.0.0.2 1.81 22.99 24.80 NOTE
r-devel-linux-x86_64-debian-gcc 0.0.0.2 1.56 17.92 19.48 NOTE
r-devel-linux-x86_64-fedora-clang 0.0.0.2 31.58 NOTE
r-devel-linux-x86_64-fedora-gcc 0.0.0.2 29.87 NOTE
r-devel-windows-x86_64 0.0.0.2 3.00 40.00 43.00 NOTE
r-patched-linux-x86_64 0.0.0.2 1.78 22.79 24.57 NOTE
r-release-linux-x86_64 0.0.0.2 1.41 22.80 24.21 NOTE
r-release-macos-arm64 0.0.0.2 17.00 NOTE
r-release-macos-x86_64 0.0.0.2 21.00 NOTE
r-release-windows-x86_64 0.0.0.2 4.00 39.00 43.00 NOTE
r-oldrel-macos-arm64 0.0.0.2 15.00 NOTE
r-oldrel-windows-x86_64 0.0.0.2 3.00 44.00 47.00 NOTE

Check Details

Version: 0.0.0.2
Check: LazyData
Result: NOTE 'LazyData' is specified without a 'data' directory Flavors: r-devel-linux-x86_64-debian-clang, r-devel-linux-x86_64-debian-gcc, r-devel-linux-x86_64-fedora-clang, r-devel-linux-x86_64-fedora-gcc, r-devel-windows-x86_64, r-patched-linux-x86_64, r-release-linux-x86_64, r-release-macos-arm64, r-release-macos-x86_64, r-release-windows-x86_64, r-oldrel-macos-arm64, r-oldrel-windows-x86_64