CRAN Package Check Results for Package IntClust

Last updated on 2018-08-19 09:48:07 CEST.

Flavor Version Tinstall Tcheck Ttotal Status Flags
r-devel-linux-x86_64-debian-clang 0.1.0 20.37 186.31 206.68 OK
r-devel-linux-x86_64-debian-gcc 0.1.0 17.10 145.25 162.35 OK
r-devel-linux-x86_64-fedora-clang 0.1.0 244.12 OK
r-devel-linux-x86_64-fedora-gcc 0.1.0 236.69 OK
r-devel-windows-ix86+x86_64 0.1.0 46.00 256.00 302.00 WARN
r-patched-linux-x86_64 0.1.0 19.69 161.43 181.12 OK
r-patched-solaris-x86 0.1.0 318.90 OK
r-release-linux-x86_64 0.1.0 17.67 159.02 176.69 OK
r-release-windows-ix86+x86_64 0.1.0 43.00 228.00 271.00 WARN
r-release-osx-x86_64 0.1.0 NOTE
r-oldrel-windows-ix86+x86_64 0.1.0 19.00 182.00 201.00 OK
r-oldrel-osx-x86_64 0.1.0 NOTE

Check Details

Version: 0.1.0
Check: whether package can be installed
Result: WARN
    Found the following significant warnings:
     Warning: S3 methods '[.fun_list', '[.grouped_df', 'all.equal.tbl_df', 'anti_join.data.frame', 'anti_join.tbl_df', 'arrange.data.frame', 'arrange.default', 'arrange.grouped_df', 'arrange.tbl_df', 'arrange_.data.frame', 'arrange_.tbl_df', 'as.data.frame.grouped_df', 'as.data.frame.rowwise_df', 'as.data.frame.tbl_cube', 'as.data.frame.tbl_df', 'as.table.tbl_cube', 'as.tbl.data.frame', 'as.tbl.tbl', 'as.tbl_cube.array', 'as.tbl_cube.data.frame', 'as.tbl_cube.matrix', 'as.tbl_cube.table', 'as_data_frame.grouped_df', 'as_data_frame.tbl_cube', 'auto_copy.tbl_cube', 'auto_copy.tbl_df', 'cbind.grouped_df', 'collapse.data.frame', 'collect.data.frame', 'common_by.NULL', 'common_by.character', 'common_by.default', 'common_by.list', 'compute.data.frame', 'copy_to.DBIConnection', 'copy_to.src_local', 'default_missing.data.frame', 'default_missing.default', 'dim.tbl_cube', 'distinct.data.frame', 'distinct.default', 'distinct.grouped_df', 'distinct.tbl_df', 'distinct_.data.frame', 'distinct_.grouped_df', 'dist [... truncated]
Flavors: r-devel-windows-ix86+x86_64, r-release-windows-ix86+x86_64

Version: 0.1.0
Check: package dependencies
Result: NOTE
    Packages suggested but not available for checking: ‘MLP’ ‘a4Base’
Flavor: r-release-osx-x86_64

Version: 0.1.0
Check: package dependencies
Result: NOTE
    Packages suggested but not available for checking:
     ‘MLP’ ‘org.Hs.eg.db’ ‘a4Base’
Flavor: r-oldrel-osx-x86_64