CRAN Package Check Results for Package IntClust

Last updated on 2018-02-20 05:47:55 CET.

Flavor Version Tinstall Tcheck Ttotal Status Flags
r-devel-linux-x86_64-debian-clang 0.0.2 10.24 76.04 86.28 OK
r-devel-linux-x86_64-debian-gcc 0.0.2 8.11 65.82 73.93 OK
r-devel-windows-ix86+x86_64 0.0.2 14.00 99.00 113.00 OK
r-patched-linux-x86_64 0.0.2 2.03 94.79 96.82 OK
r-patched-solaris-x86 0.0.2 130.30 NOTE
r-release-linux-x86_64 0.0.2 2.26 95.56 97.82 OK
r-release-windows-ix86+x86_64 0.0.2 9.00 139.00 148.00 OK
r-release-osx-x86_64 0.0.2 ERROR
r-oldrel-windows-ix86+x86_64 0.0.2 14.00 130.00 144.00 OK
r-oldrel-osx-x86_64 0.0.2 NOTE

Check Details

Version: 0.0.2
Check: dependencies in R code
Result: NOTE
    Namespace in Imports field not imported from: ‘prodlim’
     All declared Imports should be used.
Flavors: r-patched-solaris-x86, r-oldrel-osx-x86_64

Version: 0.0.2
Check: package dependencies
Result: ERROR
    Package required but not available: ‘a4Core’
    
    Packages suggested but not available for checking:
     ‘MLP’ ‘biomaRt’ ‘org.Hs.eg.db’ ‘a4Base’
    
    See section ‘The DESCRIPTION file’ in the ‘Writing R Extensions’
    manual.
Flavor: r-release-osx-x86_64