CRAN Package Check Results for Package Interatrix

Last updated on 2021-05-06 21:49:33 CEST.

Flavor Version Tinstall Tcheck Ttotal Status Flags
r-devel-linux-x86_64-debian-clang 1.1.3 4.12 39.43 43.55 OK
r-devel-linux-x86_64-debian-gcc 1.1.3 3.09 31.73 34.82 OK
r-devel-linux-x86_64-fedora-clang 1.1.3 67.81 OK
r-devel-linux-x86_64-fedora-gcc 1.1.3 55.17 OK
r-devel-windows-ix86+x86_64 1.1.3 6.00 54.00 60.00 OK
r-devel-windows-x86_64-gcc10-UCRT 1.1.3 OK
r-patched-linux-x86_64 1.1.3 4.19 40.00 44.19 OK
r-patched-solaris-x86 1.1.3 81.20 OK
r-release-linux-x86_64 1.1.3 3.75 38.51 42.26 OK
r-release-macos-x86_64 1.1.3 OK
r-release-windows-ix86+x86_64 1.1.3 5.00 41.00 46.00 OK
r-oldrel-macos-x86_64 1.1.3 WARN
r-oldrel-windows-ix86+x86_64 1.1.3 6.00 6.00 12.00 ERROR

Check Details

Version: 1.1.3
Check: dependencies in R code
Result: NOTE
    No protocol specified
    No protocol specified
Flavor: r-oldrel-macos-x86_64

Version: 1.1.3
Check: S3 generic/method consistency
Result: WARN
    No protocol specified
    No protocol specified
    See section ‘Generic functions and methods’ in the ‘Writing R
    Extensions’ manual.
Flavor: r-oldrel-macos-x86_64

Version: 1.1.3
Check: replacement functions
Result: WARN
    No protocol specified
    No protocol specified
    The argument of a replacement function which corresponds to the right
    hand side must be named ‘value’.
Flavor: r-oldrel-macos-x86_64

Version: 1.1.3
Check: foreign function calls
Result: NOTE
    No protocol specified
    No protocol specified
    See chapter ‘System and foreign language interfaces’ in the ‘Writing R
    Extensions’ manual.
Flavor: r-oldrel-macos-x86_64

Version: 1.1.3
Check: R code for possible problems
Result: NOTE
    No protocol specified
    No protocol specified
Flavor: r-oldrel-macos-x86_64

Version: 1.1.3
Check: for missing documentation entries
Result: WARN
    No protocol specified
    No protocol specified
    All user-level objects in a package should have documentation entries.
    See chapter ‘Writing R documentation files’ in the ‘Writing R
    Extensions’ manual.
Flavor: r-oldrel-macos-x86_64

Version: 1.1.3
Check: for code/documentation mismatches
Result: WARN
    No protocol specified
    No protocol specified
    No protocol specified
    No protocol specified
    No protocol specified
    No protocol specified
Flavor: r-oldrel-macos-x86_64

Version: 1.1.3
Check: Rd \usage sections
Result: NOTE
    No protocol specified
    No protocol specified
    The \usage entries for S3 methods should use the \method markup and not
    their full name.
    See chapter ‘Writing R documentation files’ in the ‘Writing R
    Extensions’ manual.
Flavor: r-oldrel-macos-x86_64

Version: 1.1.3
Check: whether package can be installed
Result: ERROR
    Installation failed.
    *
Flavor: r-oldrel-windows-ix86+x86_64