CRAN Package Check Results for Package InterfaceqPCR

Last updated on 2022-12-07 10:50:01 CET.

Flavor Version Tinstall Tcheck Ttotal Status Flags
r-devel-linux-x86_64-debian-clang 1.0 14.21 99.98 114.19 NOTE
r-devel-linux-x86_64-debian-gcc 1.0 11.31 74.20 85.51 NOTE
r-devel-linux-x86_64-fedora-clang 1.0 141.78 NOTE
r-devel-linux-x86_64-fedora-gcc 1.0 153.96 NOTE
r-devel-windows-x86_64 1.0 24.00 105.00 129.00 NOTE
r-patched-linux-x86_64 1.0 15.74 103.50 119.24 NOTE
r-release-linux-x86_64 1.0 17.03 103.30 120.33 NOTE
r-release-macos-arm64 1.0 57.00 NOTE
r-release-macos-x86_64 1.0 80.00 NOTE
r-release-windows-x86_64 1.0 31.00 108.00 139.00 NOTE
r-oldrel-macos-arm64 1.0 81.00 NOTE
r-oldrel-macos-x86_64 1.0 88.00 NOTE
r-oldrel-windows-ix86+x86_64 1.0 23.00 97.00 120.00 NOTE

Check Details

Version: 1.0
Check: LazyData
Result: NOTE
     'LazyData' is specified without a 'data' directory
Flavors: r-devel-linux-x86_64-debian-clang, r-devel-linux-x86_64-debian-gcc, r-devel-linux-x86_64-fedora-clang, r-devel-linux-x86_64-fedora-gcc, r-devel-windows-x86_64, r-patched-linux-x86_64, r-release-linux-x86_64, r-release-macos-arm64, r-release-macos-x86_64, r-release-windows-x86_64, r-oldrel-macos-arm64, r-oldrel-macos-x86_64, r-oldrel-windows-ix86+x86_64