CRAN Package Check Results for Package InterpretMSSpectrum

Last updated on 2021-05-06 21:49:33 CEST.

Flavor Version Tinstall Tcheck Ttotal Status Flags
r-devel-linux-x86_64-debian-clang 1.2 6.31 47.29 53.60 OK
r-devel-linux-x86_64-debian-gcc 1.2 4.60 36.53 41.13 OK
r-devel-linux-x86_64-fedora-clang 1.2 78.94 OK
r-devel-linux-x86_64-fedora-gcc 1.2 64.36 OK
r-devel-windows-ix86+x86_64 1.2 10.00 65.00 75.00 OK
r-devel-windows-x86_64-gcc10-UCRT 1.2 OK
r-patched-linux-x86_64 1.2 6.46 46.21 52.67 OK
r-patched-solaris-x86 1.2 94.80 OK
r-release-linux-x86_64 1.2 5.30 44.23 49.53 OK
r-release-macos-x86_64 1.2 ERROR
r-release-windows-ix86+x86_64 1.2 9.00 53.00 62.00 OK
r-oldrel-macos-x86_64 1.2 OK
r-oldrel-windows-ix86+x86_64 1.2 10.00 6.00 16.00 ERROR

Check Details

Version: 1.2
Check: package dependencies
Result: ERROR
    Package required but not available: ‘Rdisop’
    
    See section ‘The DESCRIPTION file’ in the ‘Writing R Extensions’
    manual.
Flavor: r-release-macos-x86_64

Version: 1.2
Check: whether package can be installed
Result: ERROR
    
    See * DONE
Flavor: r-oldrel-windows-ix86+x86_64