CRAN Package Check Results for Package IrishDirectorates

Last updated on 2024-03-04 18:55:02 CET.

Flavor Version Tinstall Tcheck Ttotal Status Flags
r-devel-linux-x86_64-debian-clang 1.4 93.07 35.44 128.51 NOTE
r-devel-linux-x86_64-debian-gcc 1.4 72.17 26.79 98.96 NOTE
r-devel-linux-x86_64-fedora-clang 1.4 200.60 NOTE
r-devel-linux-x86_64-fedora-gcc 1.4 191.49 NOTE
r-devel-windows-x86_64 1.4 71.00 77.00 148.00 NOTE
r-patched-linux-x86_64 1.4 95.33 34.91 130.24 NOTE
r-release-linux-x86_64 1.4 92.84 34.37 127.21 NOTE
r-release-macos-arm64 1.4 48.00 NOTE
r-release-macos-x86_64 1.4 80.00 NOTE
r-release-windows-x86_64 1.4 71.00 82.00 153.00 NOTE
r-oldrel-macos-arm64 1.4 41.00 OK
r-oldrel-windows-x86_64 1.4 91.00 77.00 168.00 OK

Check Details

Version: 1.4
Check: C++ specification
Result: NOTE Specified C++11: please drop specification unless essential Flavors: r-devel-linux-x86_64-debian-clang, r-devel-linux-x86_64-debian-gcc, r-devel-linux-x86_64-fedora-clang, r-devel-linux-x86_64-fedora-gcc, r-devel-windows-x86_64, r-patched-linux-x86_64, r-release-linux-x86_64, r-release-macos-arm64, r-release-macos-x86_64, r-release-windows-x86_64