CRAN Package Check Results for Package JMI

Last updated on 2024-03-04 19:54:15 CET.

Flavor Version Tinstall Tcheck Ttotal Status Flags
r-devel-linux-x86_64-debian-clang 0.1.0 37.80 27.13 64.93 NOTE
r-devel-linux-x86_64-debian-gcc 0.1.0 25.41 20.68 46.09 NOTE
r-devel-linux-x86_64-fedora-clang 0.1.0 89.31 NOTE
r-devel-linux-x86_64-fedora-gcc 0.1.0 86.34 NOTE
r-devel-windows-x86_64 0.1.0 28.00 62.00 90.00 NOTE
r-patched-linux-x86_64 0.1.0 30.34 26.28 56.62 NOTE
r-release-linux-x86_64 0.1.0 34.69 26.86 61.55 NOTE
r-release-macos-arm64 0.1.0 27.00 NOTE
r-release-macos-x86_64 0.1.0 40.00 NOTE
r-release-windows-x86_64 0.1.0 27.00 66.00 93.00 NOTE
r-oldrel-macos-arm64 0.1.0 26.00 NOTE
r-oldrel-windows-x86_64 0.1.0 33.00 72.00 105.00 NOTE

Check Details

Version: 0.1.0
Check: LazyData
Result: NOTE 'LazyData' is specified without a 'data' directory Flavors: r-devel-linux-x86_64-debian-clang, r-devel-linux-x86_64-debian-gcc, r-devel-linux-x86_64-fedora-clang, r-devel-linux-x86_64-fedora-gcc, r-devel-windows-x86_64, r-patched-linux-x86_64, r-release-linux-x86_64, r-release-macos-arm64, r-release-macos-x86_64, r-release-windows-x86_64, r-oldrel-macos-arm64, r-oldrel-windows-x86_64