Last updated on 2022-07-03 03:49:58 CEST.
Flavor | Version | Tinstall | Tcheck | Ttotal | Status | Flags |
---|---|---|---|---|---|---|
r-devel-linux-x86_64-debian-clang | 0.2-0 | 98.59 | 145.60 | 244.19 | OK | |
r-devel-linux-x86_64-debian-gcc | 0.2-0 | 90.80 | 106.29 | 197.09 | OK | |
r-devel-linux-x86_64-fedora-clang | 0.2-0 | 344.31 | NOTE | |||
r-devel-linux-x86_64-fedora-gcc | 0.2-0 | 345.17 | OK | |||
r-devel-windows-x86_64 | 0.2-0 | 88.00 | 174.00 | 262.00 | OK | |
r-patched-linux-x86_64 | 0.2-0 | 89.67 | 137.07 | 226.74 | OK | |
r-release-linux-x86_64 | 0.2-0 | 92.36 | 133.10 | 225.46 | OK | |
r-release-macos-arm64 | 0.2-0 | 76.00 | NOTE | |||
r-release-macos-x86_64 | 0.2-0 | 150.00 | NOTE | |||
r-release-windows-x86_64 | 0.2-0 | 88.00 | 172.00 | 260.00 | OK | |
r-oldrel-macos-arm64 | 0.2-0 | 57.00 | NOTE | |||
r-oldrel-macos-x86_64 | 0.2-0 | 98.00 | NOTE | |||
r-oldrel-windows-ix86+x86_64 | 0.2-0 | 205.00 | 203.00 | 408.00 | OK |
Version: 0.2-0
Check: installed package size
Result: NOTE
installed size is 7.1Mb
sub-directories of 1Mb or more:
libs 6.4Mb
Flavors: r-devel-linux-x86_64-fedora-clang, r-release-macos-arm64, r-release-macos-x86_64, r-oldrel-macos-arm64, r-oldrel-macos-x86_64