CRAN Package Check Results for Package JOUSBoost

Last updated on 2018-10-16 10:51:15 CEST.

Flavor Version Tinstall Tcheck Ttotal Status Flags
r-devel-linux-x86_64-debian-clang 2.1.0 15.29 54.46 69.75 OK
r-devel-linux-x86_64-debian-gcc 2.1.0 12.03 44.93 56.96 OK
r-devel-linux-x86_64-fedora-clang 2.1.0 92.40 NOTE
r-devel-linux-x86_64-fedora-gcc 2.1.0 89.37 NOTE
r-devel-windows-ix86+x86_64 2.1.0 43.00 122.00 165.00 OK
r-patched-linux-x86_64 2.1.0 16.33 50.51 66.84 OK
r-patched-solaris-x86 2.1.0 102.00 NOTE
r-release-linux-x86_64 2.1.0 15.15 51.13 66.28 OK
r-release-windows-ix86+x86_64 2.1.0 30.00 110.00 140.00 OK
r-release-osx-x86_64 2.1.0 NOTE
r-oldrel-windows-ix86+x86_64 2.1.0 36.00 115.00 151.00 OK
r-oldrel-osx-x86_64 2.1.0 WARN

Check Details

Version: 2.1.0
Check: dependencies in R code
Result: NOTE
    Namespace in Imports field not imported from: ‘doParallel’
     All declared Imports should be used.
Flavors: r-devel-linux-x86_64-fedora-clang, r-devel-linux-x86_64-fedora-gcc, r-patched-solaris-x86, r-release-osx-x86_64, r-oldrel-osx-x86_64

Version: 2.1.0
Check: re-building of vignette outputs
Result: WARN
    Error in re-building vignettes:
     ...
    Error in texi2dvi(file = file, pdf = TRUE, clean = clean, quiet = quiet, :
     Running 'texi2dvi' on 'JOUS.tex' failed.
    LaTeX errors:
    ! LaTeX Error: File `algorithm.sty' not found.
    
    Type X to quit or <RETURN> to proceed,
    or enter new name. (Default extension: sty)
    
    ! Emergency stop.
    <read *>
    
    l.10 \usepackage
     {algorithmicx}^^M
    ! ==> Fatal error occurred, no output PDF file produced!
    Calls: buildVignettes -> texi2pdf -> texi2dvi
    Execution halted
Flavor: r-oldrel-osx-x86_64