CRAN Package Check Results for Package JOUSBoost

Last updated on 2018-02-23 00:47:42 CET.

Flavor Version Tinstall Tcheck Ttotal Status Flags
r-devel-linux-x86_64-debian-clang 2.1.0 10.17 47.15 57.32 OK
r-devel-linux-x86_64-debian-gcc 2.1.0 8.59 41.90 50.49 OK
r-devel-linux-x86_64-fedora-clang 2.1.0 90.14 NOTE
r-devel-linux-x86_64-fedora-gcc 2.1.0 84.94 NOTE
r-devel-windows-ix86+x86_64 2.1.0 36.00 91.00 127.00 OK
r-patched-linux-x86_64 2.1.0 10.23 50.74 60.97 OK
r-patched-solaris-x86 2.1.0 97.90 NOTE
r-release-linux-x86_64 2.1.0 10.42 50.46 60.88 OK
r-release-windows-ix86+x86_64 2.1.0 44.00 108.00 152.00 OK
r-release-osx-x86_64 2.1.0 WARN
r-oldrel-windows-ix86+x86_64 2.1.0 26.00 85.00 111.00 OK
r-oldrel-osx-x86_64 2.1.0 NOTE

Check Details

Version: 2.1.0
Check: dependencies in R code
Result: NOTE
    Namespace in Imports field not imported from: ‘doParallel’
     All declared Imports should be used.
Flavors: r-devel-linux-x86_64-fedora-clang, r-devel-linux-x86_64-fedora-gcc, r-patched-solaris-x86, r-release-osx-x86_64, r-oldrel-osx-x86_64

Version: 2.1.0
Check: re-building of vignette outputs
Result: WARN
    Error in re-building vignettes:
     ...
    Error in texi2dvi(file = file, pdf = TRUE, clean = clean, quiet = quiet, :
     Running 'texi2dvi' on 'JOUS.tex' failed.
    LaTeX errors:
    ! LaTeX Error: File `algorithm.sty' not found.
    
    Type X to quit or <RETURN> to proceed,
    or enter new name. (Default extension: sty)
    
    ! Emergency stop.
    <read *>
    
    l.10 \usepackage
     {algorithmicx}^^M
    ! ==> Fatal error occurred, no output PDF file produced!
    Calls: buildVignettes -> texi2pdf -> texi2dvi
    Execution halted
Flavor: r-release-osx-x86_64