Last updated on 2022-06-30 14:53:25 CEST.
Flavor | Version | Tinstall | Tcheck | Ttotal | Status | Flags |
---|---|---|---|---|---|---|
r-devel-linux-x86_64-debian-clang | 0.2.0 | 5.26 | 254.40 | 259.66 | OK | |
r-devel-linux-x86_64-debian-gcc | 0.2.0 | 3.75 | 179.96 | 183.71 | OK | |
r-devel-linux-x86_64-fedora-clang | 0.2.0 | 313.19 | NOTE | |||
r-devel-linux-x86_64-fedora-gcc | 0.2.0 | 315.75 | NOTE | |||
r-devel-windows-x86_64 | 0.2.0 | 53.00 | 238.00 | 291.00 | OK | |
r-patched-linux-x86_64 | 0.2.0 | 8.96 | 235.40 | 244.36 | OK | |
r-release-linux-x86_64 | 0.2.0 | 2.83 | 240.21 | 243.04 | OK | |
r-release-macos-arm64 | 0.2.0 | 70.00 | NOTE | |||
r-release-macos-x86_64 | 0.2.0 | 133.00 | NOTE | |||
r-release-windows-x86_64 | 0.2.0 | 59.00 | 239.00 | 298.00 | OK | |
r-oldrel-macos-arm64 | 0.2.0 | 109.00 | NOTE | |||
r-oldrel-macos-x86_64 | 0.2.0 | 93.00 | NOTE | |||
r-oldrel-windows-ix86+x86_64 | 0.2.0 | 12.00 | 242.00 | 254.00 | OK |
Version: 0.2.0
Check: dependencies in R code
Result: NOTE
Namespace in Imports field not imported from: ‘utils’
All declared Imports should be used.
Flavors: r-devel-linux-x86_64-fedora-clang, r-devel-linux-x86_64-fedora-gcc, r-release-macos-arm64, r-release-macos-x86_64, r-oldrel-macos-arm64, r-oldrel-macos-x86_64