CRAN Package Check Results for Package Jdmbs

Last updated on 2018-11-15 06:47:26 CET.

Flavor Version Tinstall Tcheck Ttotal Status Flags
r-devel-linux-x86_64-debian-clang 1.3 1.15 29.27 30.42 OK
r-devel-linux-x86_64-debian-gcc 1.3 1.37 23.73 25.10 OK
r-devel-linux-x86_64-fedora-clang 1.3 36.10 NOTE
r-devel-linux-x86_64-fedora-gcc 1.3 35.14 NOTE
r-devel-windows-ix86+x86_64 1.3 4.00 47.00 51.00 OK
r-patched-linux-x86_64 1.3 1.62 26.49 28.11 OK
r-patched-solaris-x86 1.3 53.80 NOTE
r-release-linux-x86_64 1.3 1.63 26.35 27.98 OK
r-release-windows-ix86+x86_64 1.3 5.00 52.00 57.00 OK
r-release-osx-x86_64 1.3 NOTE
r-oldrel-windows-ix86+x86_64 1.3 5.00 43.00 48.00 OK
r-oldrel-osx-x86_64 1.3 NOTE

Check Details

Version: 1.3
Check: dependencies in R code
Result: NOTE
    Namespace in Imports field not imported from: ‘png’
     All declared Imports should be used.
Flavors: r-devel-linux-x86_64-fedora-clang, r-devel-linux-x86_64-fedora-gcc, r-patched-solaris-x86, r-release-osx-x86_64, r-oldrel-osx-x86_64