CRAN Package Check Results for Package Jdmbs

Last updated on 2018-08-21 08:48:57 CEST.

Flavor Version Tinstall Tcheck Ttotal Status Flags
r-devel-linux-x86_64-debian-clang 1.3 1.63 27.49 29.12 OK
r-devel-linux-x86_64-debian-gcc 1.3 1.30 22.99 24.29 OK
r-devel-linux-x86_64-fedora-clang 1.3 36.68 NOTE
r-devel-linux-x86_64-fedora-gcc 1.3 34.88 NOTE
r-devel-windows-ix86+x86_64 1.3 5.00 52.00 57.00 OK
r-patched-linux-x86_64 1.3 1.62 26.61 28.23 OK
r-patched-solaris-x86 1.3 56.70 NOTE
r-release-linux-x86_64 1.3 1.55 24.95 26.50 OK
r-release-windows-ix86+x86_64 1.3 9.00 39.00 48.00 OK
r-release-osx-x86_64 1.3 NOTE
r-oldrel-windows-ix86+x86_64 1.3 3.00 54.00 57.00 OK
r-oldrel-osx-x86_64 1.3 NOTE

Check Details

Version: 1.3
Check: dependencies in R code
Result: NOTE
    Namespace in Imports field not imported from: ‘png’
     All declared Imports should be used.
Flavors: r-devel-linux-x86_64-fedora-clang, r-devel-linux-x86_64-fedora-gcc, r-patched-solaris-x86, r-release-osx-x86_64, r-oldrel-osx-x86_64