CRAN Package Check Results for Package Jdmbs

Last updated on 2019-02-19 22:51:32 CET.

Flavor Version Tinstall Tcheck Ttotal Status Flags
r-devel-linux-x86_64-debian-clang 1.3 1.98 28.12 30.10 OK
r-devel-linux-x86_64-debian-gcc 1.3 1.60 22.41 24.01 OK
r-devel-linux-x86_64-fedora-clang 1.3 36.91 NOTE
r-devel-linux-x86_64-fedora-gcc 1.3 35.80 NOTE
r-devel-windows-ix86+x86_64 1.3 6.00 53.00 59.00 OK
r-patched-linux-x86_64 1.3 1.37 26.22 27.59 OK
r-patched-solaris-x86 1.3 58.80 NOTE
r-release-linux-x86_64 1.3 1.41 26.61 28.02 OK
r-release-windows-ix86+x86_64 1.3 4.00 56.00 60.00 OK
r-release-osx-x86_64 1.3 NOTE
r-oldrel-windows-ix86+x86_64 1.3 3.00 43.00 46.00 OK
r-oldrel-osx-x86_64 1.3 NOTE

Check Details

Version: 1.3
Check: dependencies in R code
Result: NOTE
    Namespace in Imports field not imported from: ‘png’
     All declared Imports should be used.
Flavors: r-devel-linux-x86_64-fedora-clang, r-devel-linux-x86_64-fedora-gcc, r-patched-solaris-x86, r-release-osx-x86_64, r-oldrel-osx-x86_64