CRAN Package Check Results for Package Jdmbs

Last updated on 2018-05-21 00:50:06 CEST.

Flavor Version Tinstall Tcheck Ttotal Status Flags
r-devel-linux-x86_64-debian-clang 1.3 1.55 24.48 26.03 OK
r-devel-linux-x86_64-debian-gcc 1.3 1.14 21.65 22.79 OK
r-devel-linux-x86_64-fedora-clang 1.3 36.45 NOTE
r-devel-linux-x86_64-fedora-gcc 1.3 34.63 NOTE
r-devel-windows-ix86+x86_64 1.3 5.00 37.00 42.00 OK
r-patched-linux-x86_64 1.3 1.65 26.15 27.80 OK
r-patched-solaris-x86 1.3 58.20 NOTE
r-release-linux-x86_64 1.3 1.07 26.12 27.19 OK
r-release-windows-ix86+x86_64 1.3 4.00 38.00 42.00 OK
r-release-osx-x86_64 1.3 NOTE
r-oldrel-windows-ix86+x86_64 1.3 3.00 39.00 42.00 OK
r-oldrel-osx-x86_64 1.1 NOTE

Check Details

Version: 1.3
Check: dependencies in R code
Result: NOTE
    Namespace in Imports field not imported from: ‘png’
     All declared Imports should be used.
Flavors: r-devel-linux-x86_64-fedora-clang, r-devel-linux-x86_64-fedora-gcc, r-patched-solaris-x86, r-release-osx-x86_64

Version: 1.1
Check: dependencies in R code
Result: NOTE
    Namespace in Imports field not imported from: ‘png’
     All declared Imports should be used.
Flavor: r-oldrel-osx-x86_64