CRAN Package Check Results for Package Jdmbs

Last updated on 2018-02-19 08:47:04 CET.

Flavor Version Tinstall Tcheck Ttotal Status Flags
r-devel-linux-x86_64-debian-clang 1.1 2.09 37.84 39.93 OK
r-devel-linux-x86_64-debian-gcc 1.1 1.66 33.12 34.78 OK
r-devel-linux-x86_64-fedora-clang 1.1 52.71 NOTE
r-devel-linux-x86_64-fedora-gcc 1.1 51.64 NOTE
r-devel-windows-ix86+x86_64 1.1 3.00 57.00 60.00 OK
r-patched-linux-x86_64 1.1 1.50 44.19 45.69 OK
r-patched-solaris-x86 1.1 113.30 NOTE
r-release-linux-x86_64 1.1 1.28 43.31 44.59 OK
r-release-windows-ix86+x86_64 1.1 5.00 85.00 90.00 OK
r-release-osx-x86_64 1.1 NOTE
r-oldrel-windows-ix86+x86_64 1.1 3.00 72.00 75.00 OK
r-oldrel-osx-x86_64 1.0 WARN

Check Details

Version: 1.1
Check: dependencies in R code
Result: NOTE
    Namespace in Imports field not imported from: ‘png’
     All declared Imports should be used.
Flavors: r-devel-linux-x86_64-fedora-clang, r-devel-linux-x86_64-fedora-gcc, r-patched-solaris-x86, r-release-osx-x86_64

Version: 1.0
Check: re-building of vignette outputs
Result: WARN
    Error in re-building vignettes:
     ...
     1: .Call(rmd_b64encode_data, readBin(inFile, "raw", n = fileSize))
     2: paste("data:", mime::guess_type(inFile), ";base64,", .Call(rmd_b64encode_data, readBin(inFile, "raw", n = fileSize)), sep = "")
     3: .b64EncodeFile(inFile)
     4: sub(src, .b64EncodeFile(inFile), imgSrc, fixed = TRUE)
     5: FUN(X[[i]], ...)
     6: lapply(regmatches(html, m)[[1]], .b64EncodeImgSrc)
     7: unlist(lapply(regmatches(html, m)[[1]], .b64EncodeImgSrc))
     8: .b64EncodeImages(ret)
     9: eval(expr, envir, enclos)
    10: eval(quote({ oldwd <- setwd(filedir) on.exit(setwd(oldwd)) .b64EncodeImages(ret)}), new.env())
    11: eval(expr, envir, enclos)
    12: eval(expr, p)
    13: eval.parent(substitute(eval(quote(expr), envir)))
    14: local({ oldwd <- setwd(filedir) on.exit(setwd(oldwd)) .b64EncodeImages(ret)})
    15: markdown::markdownToHTML(out, output, encoding = encoding, ...)
    16: knit2html(..., force_v1 = TRUE)
    17: (if (grepl("\\.[Rr]md$", file)) knit2html_v1 else if (grepl("\\.[Rr]rst$", file)) knit2pdf else knit)(file, encoding = encoding, quiet = quiet, envir = globalenv())
    18: vweave(...)
    19: engine$weave(file, quiet = quiet, encoding = enc)
    20: doTryCatch(return(expr), name, parentenv, handler)
    21: tryCatchOne(expr, names, parentenv, handlers[[1L]])
    22: tryCatchList(expr, classes, parentenv, handlers)
    23: tryCatch({ engine$weave(file, quiet = quiet, encoding = enc) setwd(startdir) find_vignette_product(name, by = "weave", engine = engine)}, error = function(e) { stop(gettextf("processing vignette '%s' failed with diagnostics:\n%s", file, conditionMessage(e)), domain = NA, call. = FALSE)})
    24: buildVignettes(dir = "/Builds/CRAN-QA-Simon/packages/mavericks-x86_64/results/3.3/Jdmbs.Rcheck/vign_test/Jdmbs")
    An irrecoverable exception occurred. R is aborting now ...
Flavor: r-oldrel-osx-x86_64