Last updated on 2022-08-19 08:53:46 CEST.
Flavor | Version | Tinstall | Tcheck | Ttotal | Status | Flags |
---|---|---|---|---|---|---|
r-devel-linux-x86_64-debian-clang | 0.1.0 | 16.24 | 132.98 | 149.22 | NOTE | |
r-devel-linux-x86_64-debian-gcc | 0.1.0 | 12.08 | 99.65 | 111.73 | NOTE | |
r-devel-linux-x86_64-fedora-clang | 0.1.0 | 194.61 | NOTE | |||
r-devel-linux-x86_64-fedora-gcc | 0.1.0 | 196.10 | NOTE | |||
r-devel-windows-x86_64 | 0.1.0 | 21.00 | 149.00 | 170.00 | NOTE | |
r-patched-linux-x86_64 | 0.1.0 | 10.94 | 129.13 | 140.07 | NOTE | |
r-release-linux-x86_64 | 0.1.0 | NOTE | ||||
r-release-macos-arm64 | 0.1.0 | 49.00 | NOTE | |||
r-release-macos-x86_64 | 0.1.0 | 83.00 | NOTE | |||
r-release-windows-x86_64 | 0.1.0 | 23.00 | 155.00 | 178.00 | NOTE | |
r-oldrel-macos-arm64 | 0.1.0 | 50.00 | NOTE | |||
r-oldrel-macos-x86_64 | 0.1.0 | 83.00 | NOTE | |||
r-oldrel-windows-ix86+x86_64 | 0.1.0 | 37.00 | 145.00 | 182.00 | NOTE |
Version: 0.1.0
Check: LazyData
Result: NOTE
'LazyData' is specified without a 'data' directory
Flavors: r-devel-linux-x86_64-debian-clang, r-devel-linux-x86_64-debian-gcc, r-devel-linux-x86_64-fedora-clang, r-devel-linux-x86_64-fedora-gcc, r-devel-windows-x86_64, r-patched-linux-x86_64, r-release-linux-x86_64, r-release-macos-arm64, r-release-macos-x86_64, r-release-windows-x86_64, r-oldrel-macos-arm64, r-oldrel-macos-x86_64, r-oldrel-windows-ix86+x86_64